Northern Sierra Nevada's Lovers Leap at Giant Gap American River Gorge
Enter - City, State - Zipcode - or ICAO #
    Search:  World Forecast Directory
 

U.S. Color Satellite
U.S. National Satellite Loop
Full Page Animation

NE Pacific Satellite
U.S. National Satellite Loop
Full Page Animation

Local Area Radar
Northern California Nexrad Doppler Radar
Full Page Animation

Local WX Conditions
Northern Sierra Weather Conditions Map
View Conditions Map

Alta, Ca. Fire Danger
Alta, California Current Fire Danger Reading
View Details


USA Weather Finder

 

NOAA Climate Report From: Alta, Ca. Weather Station

Archives cover 8/19/03 to 3/22/09 then start again at 2:24pm on 6/13/09
2017: Jan | Feb | Mar | Apr | May | Jun | Jul | Aug | Sep | Oct | Nov | Dec 
2016: Jan | Feb | Mar | Apr | May | Jun | Jul | Aug | Sep | Oct | Nov | Dec 
2015: Jan | Feb | Mar | Apr | May | Jun | Jul | Aug | Sep | Oct | Nov | Dec 
 2014: Jan | Feb | Mar | Apr | May | Jun | Jul | Aug | Sep | Oct | Nov | Dec 
 2013: Jan | Feb | Mar | Apr | May | Jun | Jul | Aug | Sep | Oct | Nov | Dec 
 2012: Jan | Feb | Mar | Apr | May | Jun | Jul | Aug | Sep | Oct | Nov | Dec 
 2011: Jan | Feb | Mar | Apr | May | Jun | Jul | Aug | Sep | Oct | Nov | Dec 
2010: Jan | Feb | Mar | Apr | May | Jun | Jul | Aug | Sep | Oct | Nov | Dec 
2009: Jan | Feb | Mar | Apr | May | Jun | Jul | Aug | Sep | Oct | Nov | Dec 
2008: Jan | Feb | Mar | Apr | May | Jun | Jul | Aug | Sep | Oct | Nov | Dec 
2007: Jan | Feb | Mar | Apr | May | Jun | Jul | Aug | Sep | Oct | Nov | Dec 
2006: Jan | Feb | Mar | Apr | May | Jun | Jul | Aug | Sep | Oct | Nov | Dec 
2005: Jan | Feb | Mar | Apr | May | Jun | Jul | Aug | Sep | Oct | Nov | Dec 
2004: Jan | Feb | Mar | Apr | May | Jun | Jul | Aug | Sep | Oct | Nov | Dec 
2003: Jan | Feb | Mar | Apr | May | Jun | Jul | Aug | Sep | Oct | Nov | Dec 



Report for 2017 04 MONTHLY CLIMATOLOGICAL SUMMARY FOR 4/2017 HEAT COOL MEAN DEG DEG WIND SPEED DOM MEAN MEAN DAY TEMP HIGH TIME LOW TIME DAYS DAYS RAIN AVG HI TIME DIR BAROM HUM --------------------------------------------------------------------------------------- 1 53.6 71.3 12:55pm 38.7 6:48am 12 1 0.00 1 11 1:52pm NW 30.08 60 2 54.0 68.5 4:41pm 43.4 7:45am 11 0 0.00 1 13 4:11pm NW 30.01 65 3 50.1 66.7 2:48pm 37.2 6:52am 15 0 0.00 1 15 3:46pm NW 29.97 52 4 52.3 65.8 2:43pm 40.6 3:09am 12 0 0.00 1 11 2:43pm NW 30.06 53 5 53.2 65.8 12:34pm 44.3 5:19am 9 0 0.00 0 13 11:34am ESE 30.06 62 6 46.2 51.7 12:13pm 40.7 11:59pm 11 0 1.09 1 33 8:59pm WNW 29.90 83 7 41.8 44.5 1:22pm 39.1 12:51am 13 0 2.73 3 25 4:04am ESE 29.87 94 8 35.8 41.8 12:00am 33.0 11:57pm 19 0 0.72 0 20 12:00am ESE 30.08 94 9 40.0 51.3 2:27pm 29.4 6:39am 21 0 0.00 1 12 2:41pm ESE 30.27 77 10 43.1 54.3 2:16pm 33.6 1:29am 22 0 0.00 1 11 12:14pm ESE 30.23 74 11 44.9 50.6 12:00pm 40.6 12:19am 20 0 0.01 1 12 10:53am SE 30.06 84 12 46.2 50.0 3:28pm 42.6 11:58pm 19 0 0.90 1 18 8:47pm SE 29.99 93 13 39.0 43.2 3:28am 33.9 9:26pm 26 0 1.60 1 18 3:26am ESE 30.01 94 14 39.9 50.9 3:30pm 32.8 6:19am 25 0 0.00 1 8 1:59pm ESE 30.23 81 15 46.4 60.6 4:02pm 33.4 6:34am 19 0 0.00 0 10 12:33pm ESE 30.13 72 16 45.7 56.9 10:52am 38.9 5:07am 19 0 0.61 1 16 2:37pm WNW 30.01 83 17 47.1 50.8 3:50pm 43.4 8:32pm 18 0 0.92 1 11 1:23am SE 30.07 96 18 47.7 56.3 3:42pm 41.3 11:48pm 17 0 0.44 1 11 2:08pm ESE 30.12 87 19 46.1 56.8 2:13pm 35.9 6:11am 19 0 0.00 1 13 2:04pm ESE 30.25 76 20 46.0 54.0 4:34pm 40.9 3:46am 19 0 0.23 1 12 1:30pm WNW 30.30 83 21 53.5 71.2 4:03pm 37.9 5:41am 13 1 0.00 0 10 4:33pm NW 30.16 62 22 52.7 63.0 11:41am 43.3 6:23am 12 0 0.00 1 12 11:55am ESE 30.01 67 23 50.6 60.8 12:56pm 43.3 2:12am 13 0 0.00 1 14 1:45pm ESE 29.96 67 24 44.7 47.9 3:27pm 41.4 6:45am 20 0 0.33 1 14 3:13pm ESE 30.01 91 25 48.1 56.7 2:06pm 38.8 6:50am 17 0 0.00 1 10 4:08pm ESE 30.08 80 26 48.5 50.7 2:36pm 46.8 6:49am 14 0 0.30 0 8 4:02pm WNW 30.04 92 --------------------------------------------------------------------------------------- TOT 47.0 71.3 4/1/17 29.4 4/9/17 435 3 9.88 1 33 4/6/17 ESE 30.08 77 HEAT BASE: 65.0 COOL BASE: 65.0