Northern Sierra Nevada's Lovers Leap at Giant Gap American River Gorge
Enter - City, State - Zipcode - or ICAO #
    Search:  World Forecast Directory
 

U.S. Color Satellite
U.S. National Satellite Loop
Full Page Animation

NE Pacific Satellite
U.S. National Satellite Loop
Full Page Animation

Local Area Radar
Northern California Nexrad Doppler Radar
Full Page Animation

Local WX Conditions
Northern Sierra Weather Conditions Map
View Conditions Map

Alta, Ca. Fire Danger
Alta, California Current Fire Danger Reading
View Details


USA Weather Finder

 

NOAA Climate Report From: Alta, Ca. Weather Station

Archives cover 8/19/03 to 3/22/09 then start again at 2:24pm on 6/13/09
2015: Jan | Feb | Mar | Apr | May | Jun | Jul | Aug | Sep | Oct | Nov | Dec 
2014: Jan | Feb | Mar | Apr | May | Jun | Jul | Aug | Sep | Oct | Nov | Dec 
2013: Jan | Feb | Mar | Apr | May | Jun | Jul | Aug | Sep | Oct | Nov | Dec 
2012: Jan | Feb | Mar | Apr | May | Jun | Jul | Aug | Sep | Oct | Nov | Dec 
2011: Jan | Feb | Mar | Apr | May | Jun | Jul | Aug | Sep | Oct | Nov | Dec 
2010: Jan | Feb | Mar | Apr | May | Jun | Jul | Aug | Sep | Oct | Nov | Dec 
2009: Jan | Feb | Mar | Apr | May | Jun | Jul | Aug | Sep | Oct | Nov | Dec 
2008: Jan | Feb | Mar | Apr | May | Jun | Jul | Aug | Sep | Oct | Nov | Dec 
2007: Jan | Feb | Mar | Apr | May | Jun | Jul | Aug | Sep | Oct | Nov | Dec 
2006: Jan | Feb | Mar | Apr | May | Jun | Jul | Aug | Sep | Oct | Nov | Dec 
2005: Jan | Feb | Mar | Apr | May | Jun | Jul | Aug | Sep | Oct | Nov | Dec 
2004: Jan | Feb | Mar | Apr | May | Jun | Jul | Aug | Sep | Oct | Nov | Dec 
2003: Jan | Feb | Mar | Apr | May | Jun | Jul | Aug | Sep | Oct | Nov | Dec 



Report for 2015 01 MONTHLY CLIMATOLOGICAL SUMMARY FOR 1/2015 HEAT COOL MEAN DEG DEG WIND SPEED DOM MEAN MEAN DAY TEMP HIGH TIME LOW TIME DAYS DAYS RAIN AVG HI TIME DIR BAROM HUM --------------------------------------------------------------------------------------- 1 36.6 48.1 12:10pm 29.3 10:21pm 28 0 0.00 1 10 12:17pm ESE 30.19 51 2 35.2 48.4 1:25pm 29.0 8:37am 28 0 0.00 0 8 1:53pm ESE 30.24 58 3 36.2 50.2 1:26pm 31.1 7:35am 27 0 0.00 0 8 12:16pm ESE 30.34 66 4 42.0 55.9 1:23pm 33.2 2:31am 23 0 0.00 0 6 1:25pm NW 30.46 73 5 46.2 62.6 1:50pm 38.0 4:16am 19 0 0.00 1 7 12:50pm NW 30.42 73 6 49.6 65.7 1:27pm 41.9 6:13am 15 0 0.00 0 4 5:28am NNW 30.34 69 7 49.4 67.8 2:05pm 42.3 6:16am 16 0 0.00 1 9 1:43am NW 30.28 68 8 47.5 62.7 1:13pm 40.2 5:49am 17 0 0.00 1 6 7:42am NW 30.15 68 9 48.7 58.3 12:56pm 42.8 7:14am 16 0 0.00 0 5 10:33am NW 30.07 66 10 49.0 58.7 1:29pm 44.1 11:50pm 16 0 0.00 0 8 12:05pm E 30.03 73 11 46.9 56.9 1:50pm 41.3 7:54am 18 0 0.00 0 8 12:13pm ESE 30.11 80 12 44.1 54.5 2:10pm 37.9 5:47am 21 0 0.00 0 8 12:11pm ESE 30.25 83 13 44.1 58.1 2:03pm 34.4 6:50am 21 0 0.00 1 8 5:56pm ESE 30.24 59 14 40.5 54.0 1:30pm 32.8 6:00am 24 0 0.00 0 9 12:30pm NNW 30.32 67 15 38.9 45.5 6:15pm 34.7 6:00am 17 0 0.00 0 4 8:39pm NW 30.38 80 16 45.5 50.3 2:47pm 40.9 8:15am 20 0 0.00 0 6 2:10pm NW 30.33 80 17 49.3 61.4 1:59pm 42.8 7:28am 16 0 0.00 0 7 2:04pm ESE 30.30 87 18 47.7 59.2 1:50pm 39.9 7:23am 17 0 0.00 0 10 12:44pm ESE 30.33 89 19 46.2 59.5 1:38pm 38.8 8:36am 19 0 0.00 1 8 2:01pm ESE 30.28 89 20 43.0 56.7 2:15pm 35.9 7:55am 22 0 0.00 1 9 1:59pm ESE 30.14 85 21 41.7 61.2 1:47pm 32.7 5:04am 23 0 0.00 0 4 4:48am ESE 30.20 71 22 41.9 58.6 1:59pm 32.6 5:32am 23 0 0.00 0 7 1:27pm ESE 30.37 64 23 46.4 65.4 1:57pm 36.1 6:34am 19 0 0.00 1 10 11:29am NW 30.42 60 24 54.4 72.5 2:29pm 40.4 1:09am 10 1 0.00 1 10 8:38am NW 30.27 43 25 52.8 60.8 1:24am 45.3 7:47am 4 0 0.00 2 14 1:14am NW 30.19 50 --------------------------------------------------------------------------------------- TOT 44.8 72.5 1/24/15 29.0 1/2/15 478 1 0.00 1 14 1/25/15 NW 30.26 71 HEAT BASE: 65.0 COOL BASE: 65.0