Northern Sierra Nevada's Lovers Leap at Giant Gap American River Gorge
Enter - City, State - Zipcode - or ICAO #
    Search:  World Forecast Directory
 

U.S. Color Satellite
U.S. National Satellite Loop
Full Page Animation

NE Pacific Satellite
U.S. National Satellite Loop
Full Page Animation

Local Area Radar
Northern California Nexrad Doppler Radar
Full Page Animation

Local WX Conditions
Northern Sierra Weather Conditions Map
View Conditions Map

Alta, Ca. Fire Danger
Alta, California Current Fire Danger Reading
View Details


USA Weather Finder

 

NOAA Climate Report From: Alta, Ca. Weather Station

Archives cover 8/19/03 to 3/22/09 then start again at 2:24pm on 6/13/09
2015: Jan | Feb | Mar | Apr | May | Jun | Jul | Aug | Sep | Oct | Nov | Dec 
2014: Jan | Feb | Mar | Apr | May | Jun | Jul | Aug | Sep | Oct | Nov | Dec 
2013: Jan | Feb | Mar | Apr | May | Jun | Jul | Aug | Sep | Oct | Nov | Dec 
2012: Jan | Feb | Mar | Apr | May | Jun | Jul | Aug | Sep | Oct | Nov | Dec 
2011: Jan | Feb | Mar | Apr | May | Jun | Jul | Aug | Sep | Oct | Nov | Dec 
2010: Jan | Feb | Mar | Apr | May | Jun | Jul | Aug | Sep | Oct | Nov | Dec 
2009: Jan | Feb | Mar | Apr | May | Jun | Jul | Aug | Sep | Oct | Nov | Dec 
2008: Jan | Feb | Mar | Apr | May | Jun | Jul | Aug | Sep | Oct | Nov | Dec 
2007: Jan | Feb | Mar | Apr | May | Jun | Jul | Aug | Sep | Oct | Nov | Dec 
2006: Jan | Feb | Mar | Apr | May | Jun | Jul | Aug | Sep | Oct | Nov | Dec 
2005: Jan | Feb | Mar | Apr | May | Jun | Jul | Aug | Sep | Oct | Nov | Dec 
2004: Jan | Feb | Mar | Apr | May | Jun | Jul | Aug | Sep | Oct | Nov | Dec 
2003: Jan | Feb | Mar | Apr | May | Jun | Jul | Aug | Sep | Oct | Nov | Dec 



Report for 2015 06 MONTHLY CLIMATOLOGICAL SUMMARY FOR 6/2015 HEAT COOL MEAN DEG DEG WIND SPEED DOM MEAN MEAN DAY TEMP HIGH TIME LOW TIME DAYS DAYS RAIN AVG HI TIME DIR BAROM HUM --------------------------------------------------------------------------------------- 1 56.3 68.3 2:25pm 45.0 4:24am 9 0 0.00 1 13 10:40am ESE 29.97 62 2 57.8 72.0 2:45pm 45.0 6:02am 9 1 0.00 1 13 4:13pm ESE 30.01 67 3 59.0 71.7 12:44pm 47.5 6:51am 7 1 0.00 1 10 11:06am ESE 29.88 65 4 58.7 70.4 1:51pm 50.4 5:34am 7 1 0.00 1 13 12:33pm ESE 29.80 68 5 60.5 77.7 2:09pm 47.4 3:59am 7 2 0.13 1 15 1:07pm NW 29.81 71 6 62.0 79.2 12:51pm 48.6 5:59am 7 3 0.10 1 12 12:16pm ESE 29.87 73 7 67.9 85.4 3:50pm 51.8 5:23am 4 7 0.01 1 11 1:26pm ESE 29.90 66 8 71.7 88.6 1:45pm 55.5 6:00am 2 9 0.00 1 12 2:25pm ESE 29.88 55 9 69.7 86.5 12:13pm 58.4 11:54pm 1 6 0.02 1 13 5:55pm NW 29.83 58 10 59.6 61.8 1:35am 57.5 5:59am 5 0 0.42 0 7 9:52pm ESE 29.87 93 11 66.8 82.7 3:26pm 54.4 4:09am 4 6 0.00 1 11 2:24pm NW 29.87 79 12 72.5 90.8 1:41pm 55.9 5:48am 2 10 0.00 1 12 1:42pm NW 29.81 49 13 72.5 89.4 2:55pm 59.5 5:55am 2 9 0.00 1 10 11:11am ESE 29.72 52 14 70.1 86.6 3:40pm 55.7 6:40am 3 8 0.00 1 12 12:28pm ESE 29.73 47 15 67.3 85.8 2:17pm 51.6 6:33am 5 7 0.00 1 12 12:42pm ESE 29.82 42 16 67.6 84.8 3:10pm 51.6 5:50am 4 7 0.00 1 11 12:44pm NW 29.92 37 17 68.9 87.7 2:30pm 53.6 6:30am 4 7 0.00 1 10 2:00pm ESE 29.91 39 18 68.2 86.0 2:29pm 53.6 6:00am 4 7 0.00 1 13 1:45pm ESE 29.93 38 19 66.4 84.3 2:44pm 50.7 6:53am 5 7 0.00 1 11 1:45pm ESE 29.95 35 20 66.8 82.3 2:10pm 51.3 6:31am 5 6 0.00 1 9 12:43pm ESE 29.90 40 21 64.3 79.3 2:35pm 51.3 6:35am 5 5 0.00 2 14 1:56pm ESE 29.92 35 22 64.2 82.6 2:35pm 48.3 6:28am 6 6 0.00 1 15 2:48pm ESE 30.00 35 23 67.2 84.3 2:28pm 51.6 5:48am 5 7 0.00 1 10 1:54pm ESE 29.96 41 24 69.0 85.7 3:48pm 54.7 5:49am 3 7 0.00 1 13 2:37pm ESE 29.89 53 25 73.4 89.9 3:08pm 58.5 5:46am 1 10 0.00 1 9 12:08pm ESE 29.89 57 26 74.9 92.6 3:01pm 60.4 6:52am 1 11 0.00 1 10 11:32am ESE 29.89 50 27 74.5 89.2 2:21pm 63.2 5:56am 0 10 0.00 1 11 12:22pm ESE 29.91 49 28 72.2 84.8 12:45pm 61.5 5:46am 0 8 0.00 1 8 12:07pm ESE 29.92 51 29 72.8 89.5 2:50pm 59.5 5:57am 1 5 0.00 1 11 12:53pm ESE 29.94 57 --------------------------------------------------------------------------------------- TOT 66.9 92.6 6/26/15 45.0 6/1/15 117 172 0.68 1 15 6/5/15 ESE 29.89 54 HEAT BASE: 65.0 COOL BASE: 65.0