Northern Sierra Nevada's Lovers Leap at Giant Gap American River Gorge
Enter - City, State - Zipcode - or ICAO #
    Search:  World Forecast Directory
 

U.S. Color Satellite
U.S. National Satellite Loop
Full Page Animation

NE Pacific Satellite
U.S. National Satellite Loop
Full Page Animation

Local Area Radar
Northern California Nexrad Doppler Radar
Full Page Animation

Local WX Conditions
Northern Sierra Weather Conditions Map
View Conditions Map

Alta, Ca. Fire Danger
Alta, California Current Fire Danger Reading
View Details


USA Weather Finder

 

NOAA Climate Report From: Alta, Ca. Weather Station

Archives cover 8/19/03 to 3/22/09 then start again at 2:24pm on 6/13/09
2014: Jan | Feb | Mar | Apr | May | Jun | Jul | Aug | Sep | Oct | Nov | Dec 
2013: Jan | Feb | Mar | Apr | May | Jun | Jul | Aug | Sep | Oct | Nov | Dec 
2012: Jan | Feb | Mar | Apr | May | Jun | Jul | Aug | Sep | Oct | Nov | Dec 
2011: Jan | Feb | Mar | Apr | May | Jun | Jul | Aug | Sep | Oct | Nov | Dec 
2010: Jan | Feb | Mar | Apr | May | Jun | Jul | Aug | Sep | Oct | Nov | Dec 
2009: Jan | Feb | Mar | Apr | May | Jun | Jul | Aug | Sep | Oct | Nov | Dec 
2008: Jan | Feb | Mar | Apr | May | Jun | Jul | Aug | Sep | Oct | Nov | Dec 
2007: Jan | Feb | Mar | Apr | May | Jun | Jul | Aug | Sep | Oct | Nov | Dec 
2006: Jan | Feb | Mar | Apr | May | Jun | Jul | Aug | Sep | Oct | Nov | Dec 
2005: Jan | Feb | Mar | Apr | May | Jun | Jul | Aug | Sep | Oct | Nov | Dec 
2004: Jan | Feb | Mar | Apr | May | Jun | Jul | Aug | Sep | Oct | Nov | Dec 
2003: Jan | Feb | Mar | Apr | May | Jun | Jul | Aug | Sep | Oct | Nov | Dec 



Report for 2014 10 MONTHLY CLIMATOLOGICAL SUMMARY FOR 10/2014 HEAT COOL MEAN DEG DEG WIND SPEED DOM MEAN MEAN DAY TEMP HIGH TIME LOW TIME DAYS DAYS RAIN AVG HI TIME DIR BAROM HUM --------------------------------------------------------------------------------------- 1 58.0 76.8 2:00pm 45.7 8:00am 5 1 0.00 1 9 12:00pm NW 29.94 46 2 62.4 79.4 2:40pm 44.4 7:27am 5 3 0.00 1 11 1:17pm ESE 30.12 44 3 63.1 84.1 3:24pm 49.8 6:46am 7 5 0.00 1 10 1:46pm ESE 30.15 43 4 64.7 85.3 2:55pm 51.6 8:26am 5 5 0.00 1 9 12:22pm NNW 30.08 43 5 65.6 87.6 2:00pm 52.3 7:03am 5 6 0.00 1 10 4:16pm ESE 30.00 40 6 65.6 86.1 2:19pm 53.5 6:06am 5 5 0.00 1 10 11:49am ESE 29.96 37 7 64.1 81.7 4:07pm 54.2 8:28am 5 4 0.00 1 8 11:22am NNW 29.93 45 8 62.3 80.6 2:25pm 50.0 7:46am 7 4 0.00 1 12 12:03pm NNW 29.93 40 9 59.8 76.6 2:11pm 49.7 8:07am 7 2 0.00 1 11 3:04pm NNW 29.95 44 10 59.8 77.9 3:18pm 48.8 6:44am 8 3 0.00 1 11 1:02pm SE 30.03 50 11 60.6 78.4 2:53pm 50.8 4:21am 8 3 0.00 1 11 2:14pm SE 30.04 51 12 63.7 83.1 2:05pm 50.3 5:02am 6 5 0.00 1 9 10:24am NNW 30.01 28 13 63.1 82.5 2:41pm 51.5 7:31am 6 4 0.00 1 11 2:21pm NNW 30.00 37 14 57.8 74.1 1:09pm 49.8 11:59pm 9 2 0.00 1 15 1:17pm ESE 29.87 58 15 50.0 53.5 3:43pm 46.6 9:06pm 14 0 0.83 1 15 7:23am ESE 29.99 93 16 51.0 63.3 2:30pm 43.4 7:35am 14 0 0.00 1 9 1:50pm ESE 30.04 88 17 50.0 60.9 2:19pm 43.3 7:33am 15 0 0.00 0 8 2:40pm ESE 30.01 87 18 51.4 67.9 3:03pm 41.3 7:37am 14 0 0.01 1 10 1:55pm ESE 30.02 79 19 53.8 71.7 2:28pm 43.2 7:49am 11 1 0.00 1 10 1:15pm ESE 29.96 70 20 50.5 62.9 1:28pm 43.3 7:58am 14 0 0.59 1 14 7:00pm SE 29.97 83 21 46.2 59.8 2:20pm 37.9 7:50am 19 0 0.00 1 8 1:01pm ESE 30.10 87 22 49.4 64.2 2:46pm 40.4 1:42am 16 0 0.00 1 9 2:30pm ESE 30.12 72 --------------------------------------------------------------------------------------- TOT 57.9 87.6 10/5/14 37.9 10/21/14 205 54 1.43 1 15 10/14/14 ESE 30.01 58 HEAT BASE: 65.0 COOL BASE: 65.0