Northern Sierra Nevada's Lovers Leap at Giant Gap American River Gorge
Enter - City, State - Zipcode - or ICAO #
    Search:  World Forecast Directory
 

U.S. Color Satellite
U.S. National Satellite Loop
Full Page Animation

NE Pacific Satellite
U.S. National Satellite Loop
Full Page Animation

Local Area Radar
Northern California Nexrad Doppler Radar
Full Page Animation

Local WX Conditions
Northern Sierra Weather Conditions Map
View Conditions Map

Alta, Ca. Fire Danger
Alta, California Current Fire Danger Reading
View Details


USA Weather Finder

 

NOAA Climate Report From: Alta, Ca. Weather Station

Archives cover 8/19/03 to 3/22/09 then start again at 2:24pm on 6/13/09
2014: Jan | Feb | Mar | Apr | May | Jun | Jul | Aug | Sep | Oct | Nov | Dec 
2013: Jan | Feb | Mar | Apr | May | Jun | Jul | Aug | Sep | Oct | Nov | Dec 
2012: Jan | Feb | Mar | Apr | May | Jun | Jul | Aug | Sep | Oct | Nov | Dec 
2011: Jan | Feb | Mar | Apr | May | Jun | Jul | Aug | Sep | Oct | Nov | Dec 
2010: Jan | Feb | Mar | Apr | May | Jun | Jul | Aug | Sep | Oct | Nov | Dec 
2009: Jan | Feb | Mar | Apr | May | Jun | Jul | Aug | Sep | Oct | Nov | Dec 
2008: Jan | Feb | Mar | Apr | May | Jun | Jul | Aug | Sep | Oct | Nov | Dec 
2007: Jan | Feb | Mar | Apr | May | Jun | Jul | Aug | Sep | Oct | Nov | Dec 
2006: Jan | Feb | Mar | Apr | May | Jun | Jul | Aug | Sep | Oct | Nov | Dec 
2005: Jan | Feb | Mar | Apr | May | Jun | Jul | Aug | Sep | Oct | Nov | Dec 
2004: Jan | Feb | Mar | Apr | May | Jun | Jul | Aug | Sep | Oct | Nov | Dec 
2003: Jan | Feb | Mar | Apr | May | Jun | Jul | Aug | Sep | Oct | Nov | Dec 



Report for 2014 10 MONTHLY CLIMATOLOGICAL SUMMARY FOR 9/2014 HEAT COOL MEAN DEG DEG WIND SPEED DOM MEAN MEAN DAY TEMP HIGH TIME LOW TIME DAYS DAYS RAIN AVG HI TIME DIR BAROM HUM --------------------------------------------------------------------------------------- 1 69.9 88.7 2:33pm 56.2 6:37am 3 8 0.00 1 11 11:55am ESE 29.83 39 2 69.6 88.1 2:36pm 56.7 6:45am 3 7 0.00 1 15 1:40pm ESE 29.79 42 3 69.4 86.8 1:31pm 56.1 6:57am 3 7 0.00 1 12 1:33pm SE 29.73 40 4 69.4 86.2 1:30pm 56.8 2:31am 2 5 0.00 2 13 3:00pm NNW 29.71 31 5 70.1 84.8 3:05pm 54.6 6:39am 2 7 0.00 1 14 12:34pm ESE 29.85 34 6 68.2 86.2 3:36pm 55.0 7:11am 4 7 0.00 1 15 3:42pm ESE 29.91 42 7 67.7 86.9 2:22pm 54.8 6:40am 4 7 0.00 1 14 4:59pm ESE 29.85 39 8 65.0 82.5 1:34pm 52.3 11:51pm 5 5 0.00 1 15 2:57pm ESE 29.84 34 9 63.5 81.2 2:45pm 51.2 6:59am 6 5 0.00 1 11 2:00pm NNW 29.96 31 10 67.8 87.0 2:39pm 53.2 2:24am 4 7 0.00 1 11 3:11pm SE 29.94 35 11 69.6 89.2 2:13pm 56.5 6:10am 3 8 0.00 1 11 1:26pm ESE 29.91 32 12 70.1 89.0 3:12pm 56.9 6:39am 3 8 0.00 1 11 1:16pm ESE 29.89 33 13 70.8 89.3 2:45pm 59.2 6:05am 2 8 0.00 1 13 1:59pm NNW 29.84 34 14 70.5 86.4 3:12pm 58.7 7:16am 2 8 0.00 2 14 1:32pm NNW 29.83 33 15 70.4 87.2 2:04pm 60.0 11:52pm 2 7 0.00 1 15 2:33pm SE 29.86 41 16 68.0 85.9 3:28pm 56.3 7:20am 3 6 0.00 1 14 2:48pm SE 29.87 43 17 66.8 83.5 2:53pm 55.7 11:58pm 4 6 0.00 1 16 4:07pm ESE 29.79 42 18 60.4 71.6 3:25pm 53.6 3:42am 6 1 0.00 1 11 4:16pm NW 29.83 73 19 62.5 77.9 1:58pm 51.5 6:59am 6 3 0.00 1 12 2:05pm ESE 29.88 69 20 63.4 77.5 3:03pm 52.3 6:49am 5 3 0.00 1 9 11:40am ESE 29.92 68 21 62.5 69.4 3:52pm 55.6 11:57pm 3 1 0.01 0 4 4:54am ESE 29.95 71 22 63.5 78.9 2:18pm 53.0 7:14am 5 4 0.00 1 10 12:43pm ESE 30.01 61 23 63.5 80.0 2:48pm 52.1 7:12am 6 4 0.00 1 13 1:21pm ESE 29.98 59 24 62.5 79.3 1:52pm 50.9 7:21am 6 4 0.00 1 13 2:19pm SE 29.93 62 25 51.2 56.7 3:47pm 43.4 11:55pm 14 0 0.98 1 16 7:53am SE 29.96 94 26 50.0 61.7 2:56pm 38.6 6:53am 15 0 0.16 1 8 11:08am ESE 30.02 83 27 50.9 59.8 1:00pm 45.8 7:00am 11 0 0.12 1 10 1:00pm SE 29.92 90 28 48.0 51.4 6:49pm 45.6 11:55pm 4 0 0.21 0 3 11:22pm ESE 30.01 96 29 53.1 68.5 3:16pm 42.8 6:40am 12 0 0.00 1 10 11:54am SE 30.04 84 30 56.3 70.3 3:13pm 47.2 6:31am 9 1 0.01 1 11 5:08pm ESE 29.96 80 --------------------------------------------------------------------------------------- TOT 64.3 89.3 9/13/14 38.6 9/26/14 155 134 1.49 1 16 9/17/14 ESE 29.89 53 HEAT BASE: 65.0 COOL BASE: 65.0