Northern Sierra Nevada's Lovers Leap at Giant Gap American River Gorge
Enter - City, State - Zipcode - or ICAO #
    Search:  World Forecast Directory
 

U.S. Color Satellite
U.S. National Satellite Loop
Full Page Animation

NE Pacific Satellite
U.S. National Satellite Loop
Full Page Animation

Local Area Radar
Northern California Nexrad Doppler Radar
Full Page Animation

Local WX Conditions
Northern Sierra Weather Conditions Map
View Conditions Map

Alta, Ca. Fire Danger
Alta, California Current Fire Danger Reading
View Details


USA Weather Finder

 

NOAA Climate Report From: Alta, Ca. Weather Station

Archives cover 8/19/03 to 3/22/09 then start again at 2:24pm on 6/13/09
2017: Jan | Feb | Mar | Apr | May | Jun | Jul | Aug | Sep | Oct | Nov | Dec 
2016: Jan | Feb | Mar | Apr | May | Jun | Jul | Aug | Sep | Oct | Nov | Dec 
2015: Jan | Feb | Mar | Apr | May | Jun | Jul | Aug | Sep | Oct | Nov | Dec 
 2014: Jan | Feb | Mar | Apr | May | Jun | Jul | Aug | Sep | Oct | Nov | Dec 
 2013: Jan | Feb | Mar | Apr | May | Jun | Jul | Aug | Sep | Oct | Nov | Dec 
 2012: Jan | Feb | Mar | Apr | May | Jun | Jul | Aug | Sep | Oct | Nov | Dec 
 2011: Jan | Feb | Mar | Apr | May | Jun | Jul | Aug | Sep | Oct | Nov | Dec 
2010: Jan | Feb | Mar | Apr | May | Jun | Jul | Aug | Sep | Oct | Nov | Dec 
2009: Jan | Feb | Mar | Apr | May | Jun | Jul | Aug | Sep | Oct | Nov | Dec 
2008: Jan | Feb | Mar | Apr | May | Jun | Jul | Aug | Sep | Oct | Nov | Dec 
2007: Jan | Feb | Mar | Apr | May | Jun | Jul | Aug | Sep | Oct | Nov | Dec 
2006: Jan | Feb | Mar | Apr | May | Jun | Jul | Aug | Sep | Oct | Nov | Dec 
2005: Jan | Feb | Mar | Apr | May | Jun | Jul | Aug | Sep | Oct | Nov | Dec 
2004: Jan | Feb | Mar | Apr | May | Jun | Jul | Aug | Sep | Oct | Nov | Dec 
2003: Jan | Feb | Mar | Apr | May | Jun | Jul | Aug | Sep | Oct | Nov | Dec 



Report for 2017 01 MONTHLY CLIMATOLOGICAL SUMMARY FOR 1/2017 HEAT COOL MEAN DEG DEG WIND SPEED DOM MEAN MEAN DAY TEMP HIGH TIME LOW TIME DAYS DAYS RAIN AVG HI TIME DIR BAROM HUM --------------------------------------------------------------------------------------- 1 32.3 33.9 11:41am 30.1 7:29am 33 0 0.24 1 15 8:31pm ESE 29.95 92 2 30.7 32.7 11:17pm 29.0 6:21am 34 0 1.13 1 13 12:03am ESE 30.06 95 3 34.0 41.6 11:59pm 32.3 4:36am 31 0 1.55 1 18 11:56pm WNW 30.12 96 4 40.3 42.7 2:41am 36.9 7:32pm 25 0 3.02 1 19 2:40am ESE 29.98 96 5 34.4 40.3 1:39pm 28.1 11:31pm 31 0 0.10 0 8 12:10pm ESE 30.04 88 6 32.5 42.4 1:11pm 25.1 6:33am 32 0 0.00 0 6 12:54pm ESE 30.19 79 7 42.3 47.7 10:31pm 33.4 4:24am 23 0 1.19 1 13 3:10am SE 30.09 94 8 48.9 52.0 10:07am 44.8 3:08am 15 0 3.61 4 31 7:51pm ESE 29.93 97 9 39.9 45.8 1:44am 37.7 2:58pm 25 0 1.31 3 21 2:11am ESE 30.00 96 10 39.8 44.5 7:39pm 33.3 12:49pm 25 0 4.08 2 25 8:54pm SE 29.91 97 11 36.5 40.7 12:00am 33.1 11:58pm 28 0 0.96 1 20 1:38am ESE 29.89 97 12 32.9 34.9 2:23pm 31.8 2:01am 32 0 0.34 0 0 12:00am N 29.99 97 13 35.3 45.8 1:39pm 30.4 4:10am 30 0 0.00 0 11 4:37pm ESE 30.24 90 14 37.7 49.8 1:59pm 31.2 7:32am 26 0 0.00 0 8 12:20pm ESE 30.25 85 15 36.8 49.8 2:13pm 30.7 5:57am 28 0 0.00 0 8 11:57am ESE 30.18 85 16 40.3 56.9 1:56pm 32.0 4:47am 25 0 0.00 0 4 12:04am ESE 30.19 72 17 39.2 52.7 2:00pm 34.1 8:02am 23 0 0.00 0 5 11:42am NW 30.20 77 18 39.0 42.8 12:10am 33.4 2:07pm 26 0 1.28 2 23 9:10pm WNW 30.00 89 19 35.4 38.6 12:10am 32.6 11:56pm 28 0 1.64 1 23 12:31am SE 29.87 95 20 33.6 34.8 12:40pm 32.6 12:00am 31 0 1.48 1 15 9:36am SE 29.46 96 21 33.3 33.5 1:44am 33.1 2:56am 5 0 0.13 0 4 2:38am ESE 29.58 96 --------------------------------------------------------------------------------------- TOT 37.0 56.9 1/16/17 25.1 1/6/17 558 0 22.06 1 31 1/8/17 ESE 30.02 91 HEAT BASE: 65.0 COOL BASE: 65.0