Northern Sierra Nevada's Lovers Leap at Giant Gap American River Gorge
Enter - City, State - Zipcode - or ICAO #
    Search:  World Forecast Directory
 

U.S. Color Satellite
U.S. National Satellite Loop
Full Page Animation

NE Pacific Satellite
U.S. National Satellite Loop
Full Page Animation

Local Area Radar
Northern California Nexrad Doppler Radar
Full Page Animation

Local WX Conditions
Northern Sierra Weather Conditions Map
View Conditions Map

Alta, Ca. Fire Danger
Alta, California Current Fire Danger Reading
View Details


USA Weather Finder

 

NOAA Climate Report From: Alta, Ca. Weather Station

Archives cover 8/19/03 to 3/22/09 then start again at 2:24pm on 6/13/09
2016: Jan | Feb | Mar | Apr | May | Jun | Jul | Aug | Sep | Oct | Nov | Dec 
2015: Jan | Feb | Mar | Apr | May | Jun | Jul | Aug | Sep | Oct | Nov | Dec 
2014: Jan | Feb | Mar | Apr | May | Jun | Jul | Aug | Sep | Oct | Nov | Dec 
2013: Jan | Feb | Mar | Apr | May | Jun | Jul | Aug | Sep | Oct | Nov | Dec 
2012: Jan | Feb | Mar | Apr | May | Jun | Jul | Aug | Sep | Oct | Nov | Dec 
2011: Jan | Feb | Mar | Apr | May | Jun | Jul | Aug | Sep | Oct | Nov | Dec 
2010: Jan | Feb | Mar | Apr | May | Jun | Jul | Aug | Sep | Oct | Nov | Dec 
2009: Jan | Feb | Mar | Apr | May | Jun | Jul | Aug | Sep | Oct | Nov | Dec 
2008: Jan | Feb | Mar | Apr | May | Jun | Jul | Aug | Sep | Oct | Nov | Dec 
2007: Jan | Feb | Mar | Apr | May | Jun | Jul | Aug | Sep | Oct | Nov | Dec 
2006: Jan | Feb | Mar | Apr | May | Jun | Jul | Aug | Sep | Oct | Nov | Dec 
2005: Jan | Feb | Mar | Apr | May | Jun | Jul | Aug | Sep | Oct | Nov | Dec 
2004: Jan | Feb | Mar | Apr | May | Jun | Jul | Aug | Sep | Oct | Nov | Dec 
2003: Jan | Feb | Mar | Apr | May | Jun | Jul | Aug | Sep | Oct | Nov | Dec 



Report for 2016 04 MONTHLY CLIMATOLOGICAL SUMMARY FOR 4/2016 HEAT COOL MEAN DEG DEG WIND SPEED DOM MEAN MEAN DAY TEMP HIGH TIME LOW TIME DAYS DAYS RAIN AVG HI TIME DIR BAROM HUM --------------------------------------------------------------------------------------- 1 51.9 65.7 3:38pm 40.8 5:47am 13 0 0.00 1 13 11:52am NW 30.16 76 2 54.3 68.3 3:04pm 44.7 5:24am 11 0 0.00 1 12 2:48pm ESE 30.18 73 3 54.6 70.6 3:00pm 43.1 7:17am 11 1 0.00 1 14 12:25pm NW 30.12 67 4 5 44.5 76.2 4:50pm 41.0 6:30am 9 0 0.00 0 6 4:55pm NNW 30.24 69 6 67.7 82.4 1:38pm 49.0 8:08am 3 5 0.00 1 12 2:42pm NW 30.12 32 7 60.6 77.3 11:17am 47.9 11:46pm 6 2 0.00 1 12 1:42pm NW 29.90 50 8 55.0 69.3 12:53pm 44.7 6:45am 10 0 0.00 1 11 12:15pm ESE 29.87 72 9 49.4 52.0 1:42am 46.1 10:03pm 16 0 0.31 0 7 2:21am ESE 29.87 95 10 47.6 51.1 12:27pm 44.7 5:12am 17 0 0.19 0 4 12:21pm NW 29.92 96 11 50.6 55.4 4:14pm 45.5 6:15am 14 0 0.04 0 8 10:28am NW 30.10 95 12 50.8 56.9 1:37pm 46.7 7:17am 14 0 0.00 1 11 12:44pm ESE 30.17 93 13 48.0 54.0 5:27pm 44.9 11:58pm 11 0 0.00 1 11 10:27pm ESE 30.12 86 14 42.2 49.8 2:46pm 33.1 4:37am 23 0 0.47 1 15 12:28pm ESE 30.10 79 15 45.1 61.2 4:42pm 30.7 5:56am 20 0 0.00 1 14 2:19pm NW 30.18 62 16 54.8 73.7 2:58pm 36.8 7:15am 12 2 0.00 1 11 3:02pm NW 30.16 48 17 57.6 76.3 1:31pm 42.5 7:21am 10 3 0.00 1 14 2:02pm NW 30.10 50 18 58.2 76.4 2:03pm 43.1 7:18am 10 3 0.00 1 10 12:36pm WNW 30.10 52 19 59.5 75.6 1:54pm 47.0 5:51am 8 3 0.00 1 11 12:43pm NW 30.00 56 20 55.0 69.4 3:18pm 42.5 6:55am 11 1 0.00 1 13 12:11pm ESE 29.95 53 21 52.5 66.3 12:11pm 40.1 6:34am 13 0 0.00 1 15 3:00pm ESE 29.91 69 22 42.3 48.3 12:00am 34.2 8:32pm 23 0 2.27 1 23 1:54pm ESE 29.88 94 23 44.6 55.2 3:14pm 36.7 12:04am 20 0 0.00 1 10 1:37pm ESE 30.21 83 24 47.6 57.5 3:00pm 40.2 6:50am 17 0 0.00 1 14 3:49pm NW 30.02 75 25 41.1 54.4 3:57pm 32.8 6:21am 16 0 0.00 1 11 11:20am WNW 29.95 72 --------------------------------------------------------------------------------------- TOT 51.8 82.4 4/6/16 30.7 4/15/16 318 19 3.28 1 23 4/22/16 ESE 30.06 71 HEAT BASE: 65.0 COOL BASE: 65.0