Northern Sierra Nevada's Lovers Leap at Giant Gap American River Gorge
Enter - City, State - Zipcode - or ICAO #
    Search:  World Forecast Directory
 

U.S. Color Satellite
U.S. National Satellite Loop
Full Page Animation

NE Pacific Satellite
U.S. National Satellite Loop
Full Page Animation

Local Area Radar
Northern California Nexrad Doppler Radar
Full Page Animation

Local WX Conditions
Northern Sierra Weather Conditions Map
View Conditions Map

Alta, Ca. Fire Danger
Alta, California Current Fire Danger Reading
View Details


USA Weather Finder

 

NOAA Climate Report From: Alta, Ca. Weather Station

Archives cover 8/19/03 to 3/22/09 then start again at 2:24pm on 6/13/09
2015: Jan | Feb | Mar | Apr | May | Jun | Jul | Aug | Sep | Oct | Nov | Dec 
2014: Jan | Feb | Mar | Apr | May | Jun | Jul | Aug | Sep | Oct | Nov | Dec 
2013: Jan | Feb | Mar | Apr | May | Jun | Jul | Aug | Sep | Oct | Nov | Dec 
2012: Jan | Feb | Mar | Apr | May | Jun | Jul | Aug | Sep | Oct | Nov | Dec 
2011: Jan | Feb | Mar | Apr | May | Jun | Jul | Aug | Sep | Oct | Nov | Dec 
2010: Jan | Feb | Mar | Apr | May | Jun | Jul | Aug | Sep | Oct | Nov | Dec 
2009: Jan | Feb | Mar | Apr | May | Jun | Jul | Aug | Sep | Oct | Nov | Dec 
2008: Jan | Feb | Mar | Apr | May | Jun | Jul | Aug | Sep | Oct | Nov | Dec 
2007: Jan | Feb | Mar | Apr | May | Jun | Jul | Aug | Sep | Oct | Nov | Dec 
2006: Jan | Feb | Mar | Apr | May | Jun | Jul | Aug | Sep | Oct | Nov | Dec 
2005: Jan | Feb | Mar | Apr | May | Jun | Jul | Aug | Sep | Oct | Nov | Dec 
2004: Jan | Feb | Mar | Apr | May | Jun | Jul | Aug | Sep | Oct | Nov | Dec 
2003: Jan | Feb | Mar | Apr | May | Jun | Jul | Aug | Sep | Oct | Nov | Dec 



Report for 2015 07 MONTHLY CLIMATOLOGICAL SUMMARY FOR 7/2015 HEAT COOL MEAN DEG DEG WIND SPEED DOM MEAN MEAN DAY TEMP HIGH TIME LOW TIME DAYS DAYS RAIN AVG HI TIME DIR BAROM HUM --------------------------------------------------------------------------------------- 1 76.1 88.5 11:09am 66.0 5:38am 0 11 0.00 1 9 11:03am ESE 29.86 50 2 74.6 90.6 3:14pm 64.5 9:06pm 0 10 0.02 1 11 12:01pm ESE 29.88 58 3 74.7 86.8 3:43pm 63.2 4:53am 0 9 0.01 1 12 1:49pm ESE 29.86 61 4 72.4 87.5 2:10pm 61.5 6:10am 1 8 0.00 1 7 10:43am ESE 29.81 68 5 72.8 89.1 3:32pm 60.0 6:40am 1 9 0.00 1 11 1:46pm ESE 29.86 56 6 70.5 84.2 2:46pm 59.0 6:05am 2 7 0.00 1 11 1:13pm ESE 29.94 60 7 66.9 80.8 1:49pm 57.3 5:44am 2 4 0.00 1 10 12:06pm ESE 29.90 65 8 63.9 73.7 11:53am 54.2 5:39am 3 2 0.00 1 11 11:31am ESE 29.79 70 9 60.5 68.3 11:22am 53.1 6:31am 5 0 0.00 1 12 11:11am ESE 29.79 78 10 59.0 67.0 3:30pm 50.6 5:07am 6 0 0.00 0 10 2:00pm SE 29.90 80 11 60.7 77.3 2:30pm 50.9 6:00am 6 2 0.00 1 13 1:30pm ESE 29.96 74 12 64.5 76.9 3:36pm 53.7 6:00am 4 3 0.00 1 12 2:32pm ESE 29.99 67 13 65.8 81.1 3:27pm 52.7 5:54am 4 5 0.00 1 12 12:16pm ESE 29.96 61 14 66.5 81.6 1:53pm 53.5 5:54am 4 6 0.00 1 13 2:26pm ESE 29.86 55 15 68.5 83.7 2:50pm 54.1 5:50am 4 7 0.00 1 14 2:11pm ESE 29.86 50 16 70.7 84.6 3:00pm 57.5 7:00am 2 7 0.00 1 13 1:30pm ESE 29.86 51 17 67.6 84.1 5:10pm 60.3 2:30am 1 2 0.00 1 11 5:48pm ESE 29.79 53 18 69.3 84.1 2:29pm 56.8 3:42am 3 7 0.00 1 12 2:53pm ESE 29.87 46 19 68.7 83.8 2:19pm 54.8 6:37am 3 7 0.00 1 12 2:20pm ESE 30.03 52 20 70.9 86.8 1:56pm 56.9 6:07am 2 8 0.00 1 14 2:01pm ESE 29.97 60 21 72.0 84.9 1:30pm 61.7 4:00am 1 7 0.00 1 13 3:00pm ESE 29.83 62 22 70.1 82.5 3:05pm 57.6 11:58pm 1 6 0.00 1 15 1:58pm ESE 29.76 50 23 64.8 79.4 2:14pm 51.4 6:35am 4 4 0.00 1 13 1:36pm ESE 29.92 42 24 64.0 80.7 2:44pm 49.8 6:08am 6 5 0.00 1 14 2:46pm ESE 30.07 46 25 65.0 81.1 2:21pm 51.1 6:07am 5 5 0.00 1 16 12:56pm ESE 30.04 46 26 65.9 82.1 2:00pm 51.9 5:58am 5 6 0.00 1 12 12:34pm ESE 29.91 47 27 65.9 82.1 3:27pm 51.2 6:13am 5 6 0.00 1 10 5:42pm ESE 29.92 47 28 74.6 92.3 2:27pm 58.8 12:11am 1 11 0.00 2 12 2:31pm ESE 29.89 29 29 79.0 96.1 3:25pm 61.5 6:50am 0 12 0.00 1 11 2:09pm NW 29.90 25 --------------------------------------------------------------------------------------- TOT 68.5 96.1 7/29/15 49.8 7/24/15 80 177 0.03 1 16 7/25/15 ESE 29.90 55 HEAT BASE: 65.0 COOL BASE: 65.0