Northern Sierra Nevada's Lovers Leap at Giant Gap American River Gorge
Enter - City, State - Zipcode - or ICAO #
    Search:  World Forecast Directory
 

U.S. Color Satellite
U.S. National Satellite Loop
Full Page Animation

NE Pacific Satellite
U.S. National Satellite Loop
Full Page Animation

Local Area Radar
Northern California Nexrad Doppler Radar
Full Page Animation

Local WX Conditions
Northern Sierra Weather Conditions Map
View Conditions Map

Alta, Ca. Fire Danger
Alta, California Current Fire Danger Reading
View Details


USA Weather Finder

 

NOAA Climate Report From: Alta, Ca. Weather Station

Archives cover 8/19/03 to 3/22/09 then start again at 2:24pm on 6/13/09
2014: Jan | Feb | Mar | Apr | May | Jun | Jul | Aug | Sep | Oct | Nov | Dec 
2013: Jan | Feb | Mar | Apr | May | Jun | Jul | Aug | Sep | Oct | Nov | Dec 
2012: Jan | Feb | Mar | Apr | May | Jun | Jul | Aug | Sep | Oct | Nov | Dec 
2011: Jan | Feb | Mar | Apr | May | Jun | Jul | Aug | Sep | Oct | Nov | Dec 
2010: Jan | Feb | Mar | Apr | May | Jun | Jul | Aug | Sep | Oct | Nov | Dec 
2009: Jan | Feb | Mar | Apr | May | Jun | Jul | Aug | Sep | Oct | Nov | Dec 
2008: Jan | Feb | Mar | Apr | May | Jun | Jul | Aug | Sep | Oct | Nov | Dec 
2007: Jan | Feb | Mar | Apr | May | Jun | Jul | Aug | Sep | Oct | Nov | Dec 
2006: Jan | Feb | Mar | Apr | May | Jun | Jul | Aug | Sep | Oct | Nov | Dec 
2005: Jan | Feb | Mar | Apr | May | Jun | Jul | Aug | Sep | Oct | Nov | Dec 
2004: Jan | Feb | Mar | Apr | May | Jun | Jul | Aug | Sep | Oct | Nov | Dec 
2003: Jan | Feb | Mar | Apr | May | Jun | Jul | Aug | Sep | Oct | Nov | Dec 



Report for 2014 07 MONTHLY CLIMATOLOGICAL SUMMARY FOR 7/2014 HEAT COOL MEAN DEG DEG WIND SPEED DOM MEAN MEAN DAY TEMP HIGH TIME LOW TIME DAYS DAYS RAIN AVG HI TIME DIR BAROM HUM --------------------------------------------------------------------------------------- 1 75.1 91.3 1:18pm 62.2 6:41am 0 10 0.00 1 14 3:20pm SE 29.76 45 2 72.7 90.0 2:42pm 58.8 5:48am 2 9 0.00 1 13 3:53pm SE 29.80 44 3 72.4 89.9 1:12pm 57.2 6:35am 2 9 0.00 1 14 2:31pm SE 29.86 43 4 71.6 89.2 3:03pm 56.0 6:44am 2 9 0.00 1 15 1:37pm SE 29.93 42 5 71.9 89.9 2:35pm 57.6 5:32am 2 9 0.00 1 13 12:15pm SE 30.01 39 6 73.0 90.9 3:26pm 58.9 4:38am 2 10 0.00 1 10 12:35pm SE 29.98 37 7 72.2 88.0 2:07pm 59.1 6:56am 1 8 0.00 1 11 2:01pm SE 29.88 42 8 70.9 85.5 4:59pm 63.9 11:55pm 0 4 0.00 0 7 5:08pm SE 29.85 57 9 73.3 90.2 2:23pm 59.8 6:34am 1 10 0.00 1 11 12:03pm SE 29.86 49 10 71.5 85.6 2:04pm 59.6 6:28am 1 8 0.00 1 11 1:23pm SE 29.84 49 11 69.6 81.7 3:47pm 60.8 4:57am 1 6 0.00 1 11 11:35am SE 29.92 56 12 71.3 86.6 3:03pm 56.7 6:48am 2 8 0.00 1 10 11:28am SE 29.99 50 13 74.6 91.8 2:38pm 59.8 6:43am 1 11 0.00 1 10 1:37pm SE 29.94 52 14 77.5 95.7 1:41pm 62.9 4:51am 0 13 0.00 1 12 3:41pm SE 29.87 41 15 74.2 88.2 3:49pm 63.7 6:27am 0 9 0.00 1 10 12:07pm SE 29.90 41 16 73.2 84.9 2:59pm 62.0 6:10am 0 9 0.00 1 11 3:54pm ESE 29.89 53 17 71.2 82.9 2:02pm 60.4 6:15am 1 7 0.00 1 14 3:24pm SE 29.87 64 18 69.2 82.2 2:13pm 59.1 2:25am 2 6 0.00 1 12 1:07pm ESE 29.91 66 19 70.9 86.7 3:19pm 58.5 5:39am 2 8 0.00 1 12 12:40pm SE 29.90 63 20 68.1 79.9 1:10pm 60.4 6:22am 1 4 0.00 1 11 2:03pm SE 29.90 65 21 67.6 79.6 2:55pm 59.3 11:59pm 2 4 0.05 1 12 5:18pm ESE 29.97 72 22 67.6 81.2 12:34pm 56.8 4:04am 3 6 0.00 1 13 12:51pm ESE 30.01 67 23 64.6 78.7 3:23pm 52.7 2:57am 5 4 0.00 1 12 12:09pm SE 30.05 65 24 67.5 86.3 2:56pm 51.9 6:27am 5 7 0.00 1 12 2:00pm SE 29.96 49 25 62.3 83.2 11:47am 55.6 6:57am 3 1 0.00 0 10 11:22am SE 29.88 62 --------------------------------------------------------------------------------------- TOT 71.1 95.7 7/14/14 51.9 7/24/14 41 190 0.05 1 15 7/4/14 SE 29.91 52 HEAT BASE: 65.0 COOL BASE: 65.0