Northern Sierra Nevada's Lovers Leap at Giant Gap American River Gorge
Enter - City, State - Zipcode - or ICAO #
    Search:  World Forecast Directory
 

U.S. Color Satellite
U.S. National Satellite Loop
Full Page Animation

NE Pacific Satellite
U.S. National Satellite Loop
Full Page Animation

Local Area Radar
Northern California Nexrad Doppler Radar
Full Page Animation

Local WX Conditions
Northern Sierra Weather Conditions Map
View Conditions Map

Alta, Ca. Fire Danger
Alta, California Current Fire Danger Reading
View Details


USA Weather Finder

 

NOAA Climate Report From: Alta, Ca. Weather Station

Archives cover 8/19/03 to 3/22/09 then start again at 2:24pm on 6/13/09
2014: Jan | Feb | Mar | Apr | May | Jun | Jul | Aug | Sep | Oct | Nov | Dec 
2013: Jan | Feb | Mar | Apr | May | Jun | Jul | Aug | Sep | Oct | Nov | Dec 
2012: Jan | Feb | Mar | Apr | May | Jun | Jul | Aug | Sep | Oct | Nov | Dec 
2011: Jan | Feb | Mar | Apr | May | Jun | Jul | Aug | Sep | Oct | Nov | Dec 
2010: Jan | Feb | Mar | Apr | May | Jun | Jul | Aug | Sep | Oct | Nov | Dec 
2009: Jan | Feb | Mar | Apr | May | Jun | Jul | Aug | Sep | Oct | Nov | Dec 
2008: Jan | Feb | Mar | Apr | May | Jun | Jul | Aug | Sep | Oct | Nov | Dec 
2007: Jan | Feb | Mar | Apr | May | Jun | Jul | Aug | Sep | Oct | Nov | Dec 
2006: Jan | Feb | Mar | Apr | May | Jun | Jul | Aug | Sep | Oct | Nov | Dec 
2005: Jan | Feb | Mar | Apr | May | Jun | Jul | Aug | Sep | Oct | Nov | Dec 
2004: Jan | Feb | Mar | Apr | May | Jun | Jul | Aug | Sep | Oct | Nov | Dec 
2003: Jan | Feb | Mar | Apr | May | Jun | Jul | Aug | Sep | Oct | Nov | Dec 



Report for 2014 12 MONTHLY CLIMATOLOGICAL SUMMARY FOR 12/2014 HEAT COOL MEAN DEG DEG WIND SPEED DOM MEAN MEAN DAY TEMP HIGH TIME LOW TIME DAYS DAYS RAIN AVG HI TIME DIR BAROM HUM --------------------------------------------------------------------------------------- 1 47.0 53.6 1:00pm 40.9 11:34pm 18 0 0.14 0 7 12:42pm SE 30.17 96 2 44.4 50.3 8:55pm 40.5 5:23am 21 0 0.78 1 15 9:25pm NNW 29.91 98 3 47.8 50.0 12:54am 45.6 5:06am 17 0 3.69 3 27 11:36am WNW 29.86 97 4 47.5 50.1 2:17pm 43.3 11:58pm 18 0 0.83 1 10 10:21am ESE 30.01 98 5 46.9 50.5 2:34pm 43.2 6:41am 18 0 0.34 1 13 10:28pm WNW 30.12 98 6 48.1 52.9 3:11pm 41.8 11:52pm 17 0 0.30 1 12 12:23am SE 30.25 97 7 44.2 53.3 1:51pm 39.6 7:20am 21 0 0.00 0 6 12:00pm ESE 30.28 97 8 44.2 53.9 2:06pm 39.2 5:14am 21 0 0.00 0 3 12:54am ESE 30.27 94 9 45.5 53.6 2:50pm 39.5 12:59am 19 0 0.00 0 4 5:07am NW 30.24 94 10 47.2 53.9 12:43pm 39.0 2:32am 17 0 0.00 1 17 10:12pm NW 30.01 84 11 46.2 55.3 1:38am 37.3 7:30pm 19 0 2.87 2 28 7:23am NW 29.67 79 12 36.8 40.6 4:33pm 32.7 4:39am 28 0 0.71 0 4 12:04am WNW 29.92 95 13 36.9 43.9 1:46pm 31.7 11:54pm 26 0 0.00 1 8 2:22pm NW 30.24 95 14 36.3 42.1 12:31pm 31.6 2:44am 29 0 0.00 0 4 11:18am ESE 30.19 91 15 36.9 39.7 11:28pm 34.1 5:51am 27 0 0.58 1 11 8:05am WNW 30.05 95 16 40.6 43.8 2:41pm 37.3 11:54pm 24 0 0.48 1 12 8:52pm W 30.00 97 17 37.8 39.7 3:07pm 35.9 1:48am 27 0 0.61 0 7 12:00am NW 30.09 97 18 40.2 46.9 2:58pm 36.7 6:22am 25 0 0.00 0 6 12:13pm ESE 30.23 94 19 40.7 43.6 11:56pm 39.2 12:55pm 24 0 0.77 1 9 9:28am ESE 30.23 96 20 43.9 45.0 1:20pm 42.8 6:54pm 18 0 0.27 0 5 12:00am SSW 30.25 97 --------------------------------------------------------------------------------------- TOT 43.0 55.3 12/11/14 31.6 12/14/14 433 0 12.37 1 28 12/11/14 NW 30.10 95 HEAT BASE: 65.0 COOL BASE: 65.0