Northern Sierra Nevada's Lovers Leap at Giant Gap American River Gorge
Enter - City, State - Zipcode - or ICAO #
    Search:  World Forecast Directory
 

U.S. Color Satellite
U.S. National Satellite Loop
Full Page Animation

NE Pacific Satellite
U.S. National Satellite Loop
Full Page Animation

Local Area Radar
Northern California Nexrad Doppler Radar
Full Page Animation

Local WX Conditions
Northern Sierra Weather Conditions Map
View Conditions Map

Alta, Ca. Fire Danger
Alta, California Current Fire Danger Reading
View Details


USA Weather Finder

 

NOAA Climate Report From: Alta, Ca. Weather Station

Archives cover 8/19/03 to 3/22/09 then start again at 2:24pm on 6/13/09
2015: Jan | Feb | Mar | Apr | May | Jun | Jul | Aug | Sep | Oct | Nov | Dec 
2014: Jan | Feb | Mar | Apr | May | Jun | Jul | Aug | Sep | Oct | Nov | Dec 
2013: Jan | Feb | Mar | Apr | May | Jun | Jul | Aug | Sep | Oct | Nov | Dec 
2012: Jan | Feb | Mar | Apr | May | Jun | Jul | Aug | Sep | Oct | Nov | Dec 
2011: Jan | Feb | Mar | Apr | May | Jun | Jul | Aug | Sep | Oct | Nov | Dec 
2010: Jan | Feb | Mar | Apr | May | Jun | Jul | Aug | Sep | Oct | Nov | Dec 
2009: Jan | Feb | Mar | Apr | May | Jun | Jul | Aug | Sep | Oct | Nov | Dec 
2008: Jan | Feb | Mar | Apr | May | Jun | Jul | Aug | Sep | Oct | Nov | Dec 
2007: Jan | Feb | Mar | Apr | May | Jun | Jul | Aug | Sep | Oct | Nov | Dec 
2006: Jan | Feb | Mar | Apr | May | Jun | Jul | Aug | Sep | Oct | Nov | Dec 
2005: Jan | Feb | Mar | Apr | May | Jun | Jul | Aug | Sep | Oct | Nov | Dec 
2004: Jan | Feb | Mar | Apr | May | Jun | Jul | Aug | Sep | Oct | Nov | Dec 
2003: Jan | Feb | Mar | Apr | May | Jun | Jul | Aug | Sep | Oct | Nov | Dec 



Report for 2015 04 MONTHLY CLIMATOLOGICAL SUMMARY FOR 4/2015 HEAT COOL MEAN DEG DEG WIND SPEED DOM MEAN MEAN DAY TEMP HIGH TIME LOW TIME DAYS DAYS RAIN AVG HI TIME DIR BAROM HUM --------------------------------------------------------------------------------------- 1 43.2 55.2 3:07pm 33.5 6:57am 22 0 0.00 1 11 3:16pm NW 30.15 53 2 47.0 61.5 3:35pm 36.9 12:00am 18 0 0.00 1 12 1:24pm ESE 30.19 46 3 47.4 63.0 3:44pm 35.0 6:49am 18 0 0.00 1 13 1:22pm ESE 30.21 45 4 47.5 59.8 1:50pm 34.8 6:57am 16 0 0.00 2 14 12:03pm ESE 30.04 48 5 39.0 46.3 12:00am 33.7 4:25pm 26 0 0.38 1 11 7:26am SSE 29.89 78 6 38.7 49.2 4:00pm 31.8 7:10am 26 0 0.00 1 11 1:58pm SE 29.99 76 7 34.7 39.3 5:56am 32.5 2:01am 30 0 0.77 1 13 6:39am SE 29.95 89 8 38.8 48.0 4:20pm 33.5 2:16am 26 0 0.23 0 10 5:06pm ESE 30.20 86 9 44.5 60.2 2:51pm 33.0 7:00am 21 0 0.00 1 12 3:16pm ESE 30.10 70 10 46.9 61.9 3:38pm 35.8 6:41am 18 0 0.00 1 12 1:29pm SE 30.07 65 11 48.5 62.5 3:46pm 37.5 5:29am 16 0 0.00 1 11 1:14pm NW 30.07 67 12 52.9 70.7 3:06pm 36.5 6:35am 13 1 0.00 1 12 1:00pm NW 30.06 57 13 53.2 67.9 1:48pm 40.3 5:18am 12 0 0.00 2 16 2:38pm NW 30.05 56 14 42.0 52.9 4:09pm 32.6 6:36am 23 0 0.13 1 13 2:01am NW 30.21 65 15 50.2 68.0 4:03pm 32.5 6:31am 14 0 0.00 1 11 2:14pm NW 30.20 36 16 57.6 71.8 2:00pm 45.4 7:00am 6 1 0.00 2 13 8:30am ESE 30.07 24 17 57.6 71.1 2:07pm 39.8 7:04am 7 1 0.00 1 13 1:23pm ESE 30.10 41 18 57.5 72.6 2:46pm 43.7 6:51am 9 2 0.00 1 11 2:47pm NW 30.02 55 19 61.0 77.0 2:22pm 47.3 3:11am 7 3 0.00 1 14 5:15pm NW 29.91 47 20 58.9 74.0 12:46pm 48.0 6:50am 8 2 0.00 1 9 12:06pm NW 29.83 61 21 56.5 69.5 1:34pm 45.9 7:03am 9 0 0.00 1 11 1:35pm ESE 29.80 70 22 55.0 62.8 12:30pm 48.6 7:00am 9 0 0.00 1 13 12:00pm ESE 29.83 78 23 57.2 67.1 2:06pm 43.3 6:37am 6 0 0.19 2 12 1:43pm ESE 29.83 70 24 47.3 54.7 3:36pm 40.7 11:16pm 18 0 0.45 1 13 2:34pm SE 29.89 84 25 42.5 47.5 11:36am 40.6 12:28am 11 0 0.76 1 10 11:41am NW 29.88 95 --------------------------------------------------------------------------------------- TOT 48.9 77.0 4/19/15 31.8 4/6/15 391 10 2.91 1 16 4/13/15 ESE 30.03 62 HEAT BASE: 65.0 COOL BASE: 65.0