Northern Sierra Nevada's Lovers Leap at Giant Gap American River Gorge
Enter - City, State - Zipcode - or ICAO #
    Search:  World Forecast Directory
 

U.S. Color Satellite
U.S. National Satellite Loop
Full Page Animation

NE Pacific Satellite
U.S. National Satellite Loop
Full Page Animation

Local Area Radar
Northern California Nexrad Doppler Radar
Full Page Animation

Local WX Conditions
Northern Sierra Weather Conditions Map
View Conditions Map

Alta, Ca. Fire Danger
Alta, California Current Fire Danger Reading
View Details


USA Weather Finder

 

NOAA Climate Report From: Alta, Ca. Weather Station

Archives cover 8/19/03 to 3/22/09 then start again at 2:24pm on 6/13/09
2016: Jan | Feb | Mar | Apr | May | Jun | Jul | Aug | Sep | Oct | Nov | Dec 
2015: Jan | Feb | Mar | Apr | May | Jun | Jul | Aug | Sep | Oct | Nov | Dec 
 2014: Jan | Feb | Mar | Apr | May | Jun | Jul | Aug | Sep | Oct | Nov | Dec 
 2013: Jan | Feb | Mar | Apr | May | Jun | Jul | Aug | Sep | Oct | Nov | Dec 
 2012: Jan | Feb | Mar | Apr | May | Jun | Jul | Aug | Sep | Oct | Nov | Dec 
 2011: Jan | Feb | Mar | Apr | May | Jun | Jul | Aug | Sep | Oct | Nov | Dec 
2010: Jan | Feb | Mar | Apr | May | Jun | Jul | Aug | Sep | Oct | Nov | Dec 
2009: Jan | Feb | Mar | Apr | May | Jun | Jul | Aug | Sep | Oct | Nov | Dec 
2008: Jan | Feb | Mar | Apr | May | Jun | Jul | Aug | Sep | Oct | Nov | Dec 
2007: Jan | Feb | Mar | Apr | May | Jun | Jul | Aug | Sep | Oct | Nov | Dec 
2006: Jan | Feb | Mar | Apr | May | Jun | Jul | Aug | Sep | Oct | Nov | Dec 
2005: Jan | Feb | Mar | Apr | May | Jun | Jul | Aug | Sep | Oct | Nov | Dec 
2004: Jan | Feb | Mar | Apr | May | Jun | Jul | Aug | Sep | Oct | Nov | Dec 
2003: Jan | Feb | Mar | Apr | May | Jun | Jul | Aug | Sep | Oct | Nov | Dec 



Report for 2016 08 MONTHLY CLIMATOLOGICAL SUMMARY FOR 8/2016 HEAT COOL MEAN DEG DEG WIND SPEED DOM MEAN MEAN DAY TEMP HIGH TIME LOW TIME DAYS DAYS RAIN AVG HI TIME DIR BAROM HUM --------------------------------------------------------------------------------------- 1 71.3 89.2 3:07pm 58.7 5:58am 2 8 0.00 1 12 12:27pm ESE 29.91 43 2 70.8 89.2 3:16pm 57.6 6:22am 2 8 0.00 1 11 1:45pm ESE 29.96 40 3 71.2 91.3 3:30pm 56.3 7:17am 3 9 0.00 1 10 1:11pm ESE 29.94 42 4 69.7 88.7 3:05pm 55.5 7:13am 3 8 0.00 1 12 3:22pm ESE 29.86 39 5 65.7 81.7 1:17pm 53.1 6:38am 5 5 0.00 1 11 12:37pm ESE 29.85 38 6 65.1 83.5 2:55pm 51.3 7:09am 5 6 0.00 1 12 12:23pm ESE 29.86 35 7 64.8 83.1 2:56pm 50.1 6:27am 6 6 0.00 1 12 1:32pm ESE 29.86 44 8 65.3 82.7 3:42pm 51.7 6:12am 5 6 0.00 1 12 1:29pm ESE 29.83 40 9 64.7 83.9 2:38pm 51.5 7:16am 5 5 0.00 1 11 12:57pm ESE 29.83 40 10 65.9 82.4 2:40pm 52.8 7:00am 4 5 0.00 1 15 3:01pm ESE 29.88 46 11 67.5 84.9 3:43pm 54.4 6:53am 4 6 0.00 1 11 11:29am ESE 29.98 53 12 70.1 88.0 2:21pm 55.8 6:38am 3 8 0.00 1 11 3:26pm ESE 30.01 52 13 71.0 91.7 3:18pm 56.9 6:52am 2 8 0.00 1 11 3:32pm ESE 29.96 48 14 72.6 90.9 2:18pm 59.8 6:31am 1 9 0.00 1 12 3:03pm ESE 29.90 41 15 72.0 89.3 1:26pm 60.6 7:03am 1 8 0.00 1 12 12:22pm NW 29.89 43 16 71.8 89.6 3:12pm 58.6 7:28am 2 8 0.00 1 10 11:20am ESE 29.87 45 17 71.7 88.6 2:10pm 58.7 6:21am 2 8 0.00 1 11 1:21pm ESE 29.83 49 18 71.0 89.3 1:55pm 61.4 6:44am 1 7 0.00 0 10 12:24pm ESE 29.83 52 19 71.3 88.4 1:43pm 59.8 6:17am 1 8 0.00 1 11 2:14pm ESE 29.87 53 20 72.4 89.8 2:47pm 59.5 6:15am 1 8 0.00 1 12 1:51pm ESE 29.89 46 21 71.3 87.6 2:31pm 59.3 6:51am 1 7 0.00 1 10 2:59pm ESE 29.86 51 22 70.7 88.4 2:32pm 58.4 5:45am 2 8 0.00 1 11 2:35pm ESE 29.88 51 23 68.8 85.4 2:51pm 57.6 7:06am 3 6 0.00 1 10 12:28pm ESE 29.99 48 24 66.9 85.8 3:15pm 51.8 7:35am 5 6 0.00 1 12 1:02pm ESE 30.03 35 25 67.7 87.0 3:24pm 53.3 6:09am 4 7 0.00 1 13 3:25pm ESE 29.91 34 26 66.8 84.8 12:54pm 54.1 7:15am 4 6 0.00 1 10 1:24pm ESE 29.89 40 27 61.4 77.6 5:42pm 54.4 4:00am 2 1 0.00 0 4 5:46pm ESE 29.95 54 28 66.7 85.2 2:10pm 53.4 7:15am 4 6 0.00 1 11 1:42pm ESE 30.05 47 29 67.6 87.6 2:20pm 54.9 7:37am 4 6 0.00 1 13 1:08pm ESE 30.05 44 30 68.6 85.4 3:25pm 56.9 7:59am 3 6 0.00 1 13 1:01pm ESE 29.94 40 31 67.6 81.9 3:25pm 55.0 6:46am 3 5 0.00 1 13 12:45pm ESE 29.89 44 --------------------------------------------------------------------------------------- TOT 68.8 91.7 8/13/16 50.1 8/7/16 93 208 0.00 1 15 8/10/16 ESE 29.91 44 HEAT BASE: 65.0 COOL BASE: 65.0