Northern Sierra Nevada's Lovers Leap at Giant Gap American River Gorge
Enter - City, State - Zipcode - or ICAO #
    Search:  World Forecast Directory
 

U.S. Color Satellite
U.S. National Satellite Loop
Full Page Animation

NE Pacific Satellite
U.S. National Satellite Loop
Full Page Animation

Local Area Radar
Northern California Nexrad Doppler Radar
Full Page Animation

Local WX Conditions
Northern Sierra Weather Conditions Map
View Conditions Map

Alta, Ca. Fire Danger
Alta, California Current Fire Danger Reading
View Details


USA Weather Finder

 

NOAA Climate Report From: Alta, Ca. Weather Station

Archives cover 8/19/03 to 3/22/09 then start again at 2:24pm on 6/13/09
2016: Jan | Feb | Mar | Apr | May | Jun | Jul | Aug | Sep | Oct | Nov | Dec 
2015: Jan | Feb | Mar | Apr | May | Jun | Jul | Aug | Sep | Oct | Nov | Dec 
 2014: Jan | Feb | Mar | Apr | May | Jun | Jul | Aug | Sep | Oct | Nov | Dec 
 2013: Jan | Feb | Mar | Apr | May | Jun | Jul | Aug | Sep | Oct | Nov | Dec 
 2012: Jan | Feb | Mar | Apr | May | Jun | Jul | Aug | Sep | Oct | Nov | Dec 
 2011: Jan | Feb | Mar | Apr | May | Jun | Jul | Aug | Sep | Oct | Nov | Dec 
2010: Jan | Feb | Mar | Apr | May | Jun | Jul | Aug | Sep | Oct | Nov | Dec 
2009: Jan | Feb | Mar | Apr | May | Jun | Jul | Aug | Sep | Oct | Nov | Dec 
2008: Jan | Feb | Mar | Apr | May | Jun | Jul | Aug | Sep | Oct | Nov | Dec 
2007: Jan | Feb | Mar | Apr | May | Jun | Jul | Aug | Sep | Oct | Nov | Dec 
2006: Jan | Feb | Mar | Apr | May | Jun | Jul | Aug | Sep | Oct | Nov | Dec 
2005: Jan | Feb | Mar | Apr | May | Jun | Jul | Aug | Sep | Oct | Nov | Dec 
2004: Jan | Feb | Mar | Apr | May | Jun | Jul | Aug | Sep | Oct | Nov | Dec 
2003: Jan | Feb | Mar | Apr | May | Jun | Jul | Aug | Sep | Oct | Nov | Dec 



Report for 2016 06 MONTHLY CLIMATOLOGICAL SUMMARY FOR 6/2016 HEAT COOL MEAN DEG DEG WIND SPEED DOM MEAN MEAN DAY TEMP HIGH TIME LOW TIME DAYS DAYS RAIN AVG HI TIME DIR BAROM HUM --------------------------------------------------------------------------------------- 1 76.1 87.1 3:02pm 56.6 11:45pm 1 7 0.00 2 15 1:05pm ESE 29.89 34 2 67.1 85.8 1:55pm 52.0 6:25am 5 7 0.00 1 11 12:09pm NW 29.99 41 3 69.8 88.2 3:27pm 52.7 4:49am 4 9 0.00 1 11 1:42pm ESE 30.01 43 4 69.8 83.2 12:56pm 57.7 5:10am 2 7 0.00 1 8 3:49am ESE 29.92 57 5 71.0 86.1 12:43pm 56.7 5:56am 2 8 0.00 1 12 1:46pm ESE 29.85 53 6 69.9 85.2 3:24pm 56.0 6:00am 2 7 0.00 1 10 2:52pm ESE 29.76 55 7 70.5 84.8 2:20pm 59.1 5:36am 2 7 0.00 1 12 1:53pm ESE 29.83 59 8 66.0 79.6 10:47am 54.9 5:58am 4 5 0.00 1 12 5:34pm ESE 29.86 56 9 62.0 76.0 2:58pm 50.0 6:05am 6 3 0.00 1 14 2:06pm ESE 29.88 51 10 58.2 72.5 1:53pm 47.0 5:36am 8 1 0.00 1 14 12:09pm ESE 29.93 58 11 59.9 75.9 1:37pm 45.1 5:17am 8 3 0.00 1 10 10:56am ESE 29.94 62 12 59.3 75.5 1:22pm 48.9 5:14am 7 1 0.09 1 11 1:07pm NW 29.98 73 13 61.5 75.6 3:23pm 49.8 5:19am 6 3 0.00 1 13 11:30am ESE 30.02 65 14 54.7 64.1 12:30pm 45.1 11:57pm 11 0 0.00 1 16 2:15pm ESE 29.93 64 15 47.6 53.7 9:50am 40.0 11:30pm 17 0 0.00 1 9 12:34pm ESE 29.97 67 16 50.5 63.1 3:27pm 36.2 3:00am 14 0 0.00 1 12 11:26am ESE 30.12 70 17 54.9 66.2 2:15pm 42.4 3:41am 10 0 0.00 1 11 1:23pm ESE 30.09 77 18 58.5 69.9 2:44pm 50.9 6:05am 7 1 0.05 1 12 2:49pm ESE 30.14 78 19 63.1 79.3 2:31pm 47.3 6:01am 6 4 0.00 1 12 2:37pm ESE 30.11 63 20 66.3 84.8 2:57pm 50.2 6:03am 5 7 0.00 1 11 1:27pm ESE 30.08 55 21 68.8 87.6 3:03pm 52.1 6:22am 4 8 0.00 1 11 2:00pm ESE 30.03 45 22 69.0 86.6 3:00pm 53.9 5:48am 4 8 0.00 1 12 12:57pm ESE 29.94 43 23 65.3 81.7 2:23pm 50.2 5:26am 5 5 0.00 1 13 3:18pm ESE 30.00 43 24 64.8 80.6 3:03pm 50.7 6:48am 5 5 0.00 1 11 11:28am ESE 30.02 53 25 67.9 85.8 2:12pm 52.2 3:21am 5 7 0.00 1 10 12:16pm ESE 29.97 48 --------------------------------------------------------------------------------------- TOT 63.5 88.2 6/3/16 36.2 6/16/16 149 113 0.14 1 16 6/14/16 ESE 29.97 57 HEAT BASE: 65.0 COOL BASE: 65.0