Northern Sierra Nevada's Lovers Leap at Giant Gap American River Gorge
Enter - City, State - Zipcode - or ICAO #
    Search:  World Forecast Directory
 

U.S. Color Satellite
U.S. National Satellite Loop
Full Page Animation

NE Pacific Satellite
U.S. National Satellite Loop
Full Page Animation

Local Area Radar
Northern California Nexrad Doppler Radar
Full Page Animation

Local WX Conditions
Northern Sierra Weather Conditions Map
View Conditions Map

Alta, Ca. Fire Danger
Alta, California Current Fire Danger Reading
View Details


USA Weather Finder

 

NOAA Climate Report From: Alta, Ca. Weather Station

Archives cover 8/19/03 to 3/22/09 then start again at 2:24pm on 6/13/09
2015: Jan | Feb | Mar | Apr | May | Jun | Jul | Aug | Sep | Oct | Nov | Dec 
2014: Jan | Feb | Mar | Apr | May | Jun | Jul | Aug | Sep | Oct | Nov | Dec 
2013: Jan | Feb | Mar | Apr | May | Jun | Jul | Aug | Sep | Oct | Nov | Dec 
2012: Jan | Feb | Mar | Apr | May | Jun | Jul | Aug | Sep | Oct | Nov | Dec 
2011: Jan | Feb | Mar | Apr | May | Jun | Jul | Aug | Sep | Oct | Nov | Dec 
2010: Jan | Feb | Mar | Apr | May | Jun | Jul | Aug | Sep | Oct | Nov | Dec 
2009: Jan | Feb | Mar | Apr | May | Jun | Jul | Aug | Sep | Oct | Nov | Dec 
2008: Jan | Feb | Mar | Apr | May | Jun | Jul | Aug | Sep | Oct | Nov | Dec 
2007: Jan | Feb | Mar | Apr | May | Jun | Jul | Aug | Sep | Oct | Nov | Dec 
2006: Jan | Feb | Mar | Apr | May | Jun | Jul | Aug | Sep | Oct | Nov | Dec 
2005: Jan | Feb | Mar | Apr | May | Jun | Jul | Aug | Sep | Oct | Nov | Dec 
2004: Jan | Feb | Mar | Apr | May | Jun | Jul | Aug | Sep | Oct | Nov | Dec 
2003: Jan | Feb | Mar | Apr | May | Jun | Jul | Aug | Sep | Oct | Nov | Dec 



Report for 2015 05 MONTHLY CLIMATOLOGICAL SUMMARY FOR 5/2015 HEAT COOL MEAN DEG DEG WIND SPEED DOM MEAN MEAN DAY TEMP HIGH TIME LOW TIME DAYS DAYS RAIN AVG HI TIME DIR BAROM HUM --------------------------------------------------------------------------------------- 1 63.1 77.8 2:05pm 51.7 6:56am 6 4 0.00 1 12 12:05pm NW 29.87 45 2 60.8 75.1 2:15pm 48.6 6:34am 7 3 0.00 1 12 12:14pm ESE 29.85 51 3 59.0 73.4 2:05pm 46.7 6:39am 8 2 0.00 1 11 11:41am ESE 29.85 51 4 55.4 69.7 1:00pm 45.1 6:10am 8 1 0.00 1 12 1:00pm NW 29.89 56 5 54.3 67.9 1:39pm 44.1 6:32am 10 0 0.00 1 11 12:40pm NW 29.90 58 6 51.6 62.4 1:06pm 42.8 5:07am 13 0 0.00 1 14 1:52pm NW 29.82 63 7 46.7 55.3 3:29pm 38.7 7:55am 17 0 0.06 1 12 3:29pm ESE 29.76 72 8 47.7 58.8 2:46pm 37.5 3:21am 17 0 0.00 1 10 10:38am WNW 29.91 78 9 53.3 67.1 3:02pm 41.9 5:56am 12 0 0.00 1 11 1:06pm ESE 30.06 74 10 56.5 70.6 2:41pm 45.5 6:06am 9 1 0.00 1 12 1:13pm ESE 30.02 69 11 53.9 65.8 2:20pm 44.0 6:22am 11 0 0.00 1 22 4:46pm ESE 29.87 61 12 44.9 53.1 3:30pm 38.4 6:14am 19 0 0.00 1 13 3:59pm ESE 29.87 71 13 47.0 57.1 11:41am 38.2 6:12am 18 0 0.00 1 13 1:41pm ESE 29.94 65 14 46.5 58.9 1:26pm 38.2 12:34am 18 0 0.07 1 16 3:14pm ESE 29.84 72 15 46.3 51.5 6:08pm 42.4 12:37am 18 0 0.02 0 8 1:43pm ESE 29.90 87 16 50.4 60.0 3:15pm 41.4 5:18am 15 0 0.00 1 11 3:30pm ESE 30.00 81 17 51.6 58.4 3:01pm 43.7 6:00am 13 0 0.00 1 9 11:01am ESE 30.01 76 18 49.6 60.7 12:43pm 39.8 6:35am 15 0 0.07 1 12 11:39am ESE 30.04 80 19 50.6 61.9 12:45pm 41.6 3:57am 13 0 0.00 1 11 12:25pm NW 30.05 81 20 51.9 64.8 3:07pm 41.3 5:26am 13 0 0.00 1 16 1:54pm ESE 29.94 77 21 49.9 60.6 2:00pm 42.7 5:18am 9 0 0.00 1 10 10:52am NNW 29.91 84 22 52.3 56.6 1:22pm 46.2 5:40am 10 0 0.03 1 8 1:03pm NW 30.00 87 23 50.4 51.1 12:00am 49.9 6:22am 5 0 0.07 0 0 12:00am N 30.04 94 --------------------------------------------------------------------------------------- TOT 52.0 77.8 5/1/15 37.5 5/8/15 285 11 0.38 1 22 5/11/15 ESE 29.92 70 HEAT BASE: 65.0 COOL BASE: 65.0