Northern Sierra Nevada's Lovers Leap at Giant Gap American River Gorge
Enter - City, State - Zipcode - or ICAO #
    Search:  World Forecast Directory
 

U.S. Color Satellite
U.S. National Satellite Loop
Full Page Animation

NE Pacific Satellite
U.S. National Satellite Loop
Full Page Animation

Local Area Radar
Northern California Nexrad Doppler Radar
Full Page Animation

Local WX Conditions
Northern Sierra Weather Conditions Map
View Conditions Map

Alta, Ca. Fire Danger
Alta, California Current Fire Danger Reading
View Details


USA Weather Finder

 

NOAA Climate Report From: Alta, Ca. Weather Station

Archives cover 8/19/03 to 3/22/09 then start again at 2:24pm on 6/13/09
2016: Jan | Feb | Mar | Apr | May | Jun | Jul | Aug | Sep | Oct | Nov | Dec 
2015: Jan | Feb | Mar | Apr | May | Jun | Jul | Aug | Sep | Oct | Nov | Dec 
2014: Jan | Feb | Mar | Apr | May | Jun | Jul | Aug | Sep | Oct | Nov | Dec 
2013: Jan | Feb | Mar | Apr | May | Jun | Jul | Aug | Sep | Oct | Nov | Dec 
2012: Jan | Feb | Mar | Apr | May | Jun | Jul | Aug | Sep | Oct | Nov | Dec 
2011: Jan | Feb | Mar | Apr | May | Jun | Jul | Aug | Sep | Oct | Nov | Dec 
2010: Jan | Feb | Mar | Apr | May | Jun | Jul | Aug | Sep | Oct | Nov | Dec 
2009: Jan | Feb | Mar | Apr | May | Jun | Jul | Aug | Sep | Oct | Nov | Dec 
2008: Jan | Feb | Mar | Apr | May | Jun | Jul | Aug | Sep | Oct | Nov | Dec 
2007: Jan | Feb | Mar | Apr | May | Jun | Jul | Aug | Sep | Oct | Nov | Dec 
2006: Jan | Feb | Mar | Apr | May | Jun | Jul | Aug | Sep | Oct | Nov | Dec 
2005: Jan | Feb | Mar | Apr | May | Jun | Jul | Aug | Sep | Oct | Nov | Dec 
2004: Jan | Feb | Mar | Apr | May | Jun | Jul | Aug | Sep | Oct | Nov | Dec 
2003: Jan | Feb | Mar | Apr | May | Jun | Jul | Aug | Sep | Oct | Nov | Dec 



Report for 2016 05 MONTHLY CLIMATOLOGICAL SUMMARY FOR 5/2016 HEAT COOL MEAN DEG DEG WIND SPEED DOM MEAN MEAN DAY TEMP HIGH TIME LOW TIME DAYS DAYS RAIN AVG HI TIME DIR BAROM HUM --------------------------------------------------------------------------------------- 1 58.5 69.4 3:11pm 48.5 11:57pm 7 0 0.02 1 12 9:10am ESE 29.90 47 2 56.2 70.0 1:29pm 43.7 5:15am 9 1 0.00 1 13 4:11pm NW 30.04 61 3 59.1 74.6 2:30pm 47.9 6:14am 8 2 0.00 1 12 12:53pm NW 30.01 59 4 58.2 70.5 2:57pm 50.3 3:07am 8 1 0.00 1 11 1:21pm NW 29.85 66 5 49.4 53.2 8:29am 46.6 11:57pm 16 0 0.05 0 10 12:59pm ESE 29.83 90 6 49.1 53.4 2:08pm 45.5 12:40am 16 0 0.12 1 11 2:35pm ESE 29.87 92 7 48.8 50.1 5:27am 47.0 11:59pm 16 0 0.27 0 4 9:02am ESE 29.95 95 8 50.3 55.1 4:31pm 46.7 12:22am 15 0 0.08 0 7 2:58pm ESE 29.98 95 9 55.1 65.5 3:50pm 48.2 1:32am 10 0 0.00 1 12 3:56pm ESE 29.97 86 10 57.8 72.4 3:24pm 44.0 6:35am 9 2 0.01 1 16 2:27pm ESE 29.98 70 11 62.3 75.4 1:11pm 45.6 5:41am 6 3 0.00 1 14 1:42pm NW 30.02 42 12 64.8 80.9 3:12pm 49.8 5:27am 5 5 0.00 1 12 1:12pm ESE 30.02 58 13 63.7 80.3 1:51pm 50.8 11:58pm 6 4 0.00 1 13 11:32am NW 29.94 62 14 53.7 62.5 3:32pm 46.0 6:14am 11 0 0.00 1 15 4:29pm NW 29.96 73 15 53.8 65.6 1:32pm 41.9 6:18am 11 0 0.00 1 12 11:29am NW 29.96 74 16 58.0 70.6 12:40pm 44.2 5:02am 8 1 0.00 1 12 2:18pm NW 29.96 62 17 62.1 77.5 2:28pm 46.0 6:13am 6 3 0.00 1 12 9:27am SE 29.96 50 18 64.2 78.7 12:32pm 50.6 3:09am 6 5 0.00 1 13 1:42pm ESE 29.96 51 19 58.9 66.8 3:54pm 50.5 11:48pm 6 0 0.00 1 13 1:43pm ESE 29.75 58 20 40.1 51.0 12:48am 33.9 3:51pm 25 0 0.78 1 10 10:10am ESE 29.75 88 21 42.3 51.7 2:47pm 36.2 6:13am 23 0 0.20 1 10 1:39pm WNW 30.06 89 22 44.6 57.8 1:41pm 34.2 5:48am 20 0 0.00 1 12 2:30pm NW 30.11 82 23 47.4 58.6 12:29pm 35.4 5:22am 17 0 0.00 1 12 1:49pm ESE 29.98 79 24 47.9 55.1 11:33am 45.5 4:55am 9 0 0.01 0 10 11:14am ESE 29.92 88 --------------------------------------------------------------------------------------- TOT 54.5 80.9 5/12/16 33.9 5/20/16 271 27 1.54 1 16 5/10/16 ESE 29.95 71 HEAT BASE: 65.0 COOL BASE: 65.0