Northern Sierra Nevada's Lovers Leap at Giant Gap American River Gorge
Enter - City, State - Zipcode - or ICAO #
    Search:  World Forecast Directory
 

U.S. Color Satellite
U.S. National Satellite Loop
Full Page Animation

NE Pacific Satellite
U.S. National Satellite Loop
Full Page Animation

Local Area Radar
Northern California Nexrad Doppler Radar
Full Page Animation

Local WX Conditions
Northern Sierra Weather Conditions Map
View Conditions Map

Alta, Ca. Fire Danger
Alta, California Current Fire Danger Reading
View Details


USA Weather Finder

 

NOAA Climate Report From: Alta, Ca. Weather Station

Archives cover 8/19/03 to 3/22/09 then start again at 2:24pm on 6/13/09
2016: Jan | Feb | Mar | Apr | May | Jun | Jul | Aug | Sep | Oct | Nov | Dec 
2015: Jan | Feb | Mar | Apr | May | Jun | Jul | Aug | Sep | Oct | Nov | Dec 
 2014: Jan | Feb | Mar | Apr | May | Jun | Jul | Aug | Sep | Oct | Nov | Dec 
 2013: Jan | Feb | Mar | Apr | May | Jun | Jul | Aug | Sep | Oct | Nov | Dec 
 2012: Jan | Feb | Mar | Apr | May | Jun | Jul | Aug | Sep | Oct | Nov | Dec 
 2011: Jan | Feb | Mar | Apr | May | Jun | Jul | Aug | Sep | Oct | Nov | Dec 
2010: Jan | Feb | Mar | Apr | May | Jun | Jul | Aug | Sep | Oct | Nov | Dec 
2009: Jan | Feb | Mar | Apr | May | Jun | Jul | Aug | Sep | Oct | Nov | Dec 
2008: Jan | Feb | Mar | Apr | May | Jun | Jul | Aug | Sep | Oct | Nov | Dec 
2007: Jan | Feb | Mar | Apr | May | Jun | Jul | Aug | Sep | Oct | Nov | Dec 
2006: Jan | Feb | Mar | Apr | May | Jun | Jul | Aug | Sep | Oct | Nov | Dec 
2005: Jan | Feb | Mar | Apr | May | Jun | Jul | Aug | Sep | Oct | Nov | Dec 
2004: Jan | Feb | Mar | Apr | May | Jun | Jul | Aug | Sep | Oct | Nov | Dec 
2003: Jan | Feb | Mar | Apr | May | Jun | Jul | Aug | Sep | Oct | Nov | Dec 



Report for 2016 09 MONTHLY CLIMATOLOGICAL SUMMARY FOR 9/2016 HEAT COOL MEAN DEG DEG WIND SPEED DOM MEAN MEAN DAY TEMP HIGH TIME LOW TIME DAYS DAYS RAIN AVG HI TIME DIR BAROM HUM --------------------------------------------------------------------------------------- 1 63.7 81.3 3:03pm 51.4 6:18am 6 4 0.00 1 13 3:34pm ESE 29.93 52 2 62.7 79.8 1:50pm 50.6 7:10am 6 4 0.00 1 14 4:06pm ESE 29.90 50 3 61.5 76.6 1:20pm 50.7 11:55pm 6 3 0.00 1 14 1:58pm ESE 29.80 53 4 56.3 70.0 3:30pm 45.5 6:35am 9 1 0.00 1 13 11:45am ESE 29.81 62 5 58.7 75.5 3:39pm 45.3 5:54am 9 2 0.00 1 13 2:45pm ESE 29.85 55 6 61.8 80.3 2:57pm 49.5 3:31am 7 4 0.00 1 11 3:17pm ESE 29.91 44 7 64.9 84.8 3:44pm 50.5 5:19am 6 6 0.00 1 11 2:14pm ESE 29.97 42 8 66.1 85.0 2:10pm 52.9 4:38am 5 6 0.00 1 14 2:59pm ESE 30.04 46 9 67.8 86.3 3:08pm 54.5 7:46am 4 7 0.00 1 10 12:47pm ESE 29.99 51 10 69.0 87.7 2:13pm 55.8 7:13am 3 7 0.00 1 10 12:13pm ESE 30.01 47 11 66.9 84.0 2:43pm 57.2 11:58pm 3 5 0.00 1 13 4:10pm ESE 29.96 50 12 60.1 73.2 1:37pm 50.2 11:28pm 7 2 0.00 1 16 12:28pm ESE 29.80 46 13 52.0 63.1 3:38pm 43.9 11:58pm 13 0 0.07 1 14 11:51am ESE 29.90 73 14 53.3 70.3 3:04pm 41.2 6:04am 12 1 0.00 1 12 12:33pm ESE 30.12 68 15 57.6 75.5 2:42pm 44.4 6:39am 10 2 0.00 1 12 1:17pm ESE 30.07 60 16 62.1 81.8 3:13pm 48.0 7:01am 7 4 0.00 1 13 4:31pm ESE 30.01 47 17 65.8 86.5 2:35pm 52.4 5:46am 5 6 0.00 1 9 12:03pm ESE 30.03 37 18 67.6 87.4 3:16pm 55.4 7:22am 4 6 0.00 1 12 1:41pm ESE 30.01 40 19 67.8 87.2 2:59pm 54.9 5:42am 4 7 0.00 1 14 2:29pm ESE 29.99 40 20 65.3 81.0 3:13pm 54.9 7:10am 4 5 0.00 1 13 3:17pm ESE 29.94 46 21 59.8 71.3 12:56pm 44.7 11:57pm 6 1 0.00 1 14 2:16pm ESE 29.87 39 22 45.9 57.4 1:45pm 38.6 5:04am 19 0 0.04 1 11 12:16pm ESE 30.00 72 23 51.2 69.7 2:30pm 37.3 7:32am 14 1 0.00 0 10 2:32pm ESE 30.19 63 24 62.2 82.0 2:15pm 47.7 1:00am 7 4 0.00 1 10 12:38pm ESE 30.17 49 25 72.3 92.3 2:24pm 57.5 8:01am 1 8 0.00 1 10 12:25am NW 30.08 25 26 68.8 87.2 2:54pm 56.7 8:05am 2 6 0.00 1 9 1:30pm ESE 30.02 34 27 67.0 85.7 2:25pm 55.3 4:44am 4 6 0.00 1 9 12:06pm ESE 29.93 43 28 67.0 85.2 2:56pm 56.4 7:21am 4 6 0.00 0 12 1:31pm ESE 29.91 45 29 64.2 80.8 2:36pm 54.3 10:52pm 5 4 0.00 1 17 2:01pm ESE 30.02 47 30 60.1 74.2 2:48pm 50.1 7:12am 6 2 0.00 1 15 1:25pm ESE 30.04 49 --------------------------------------------------------------------------------------- TOT 62.4 92.3 9/25/16 37.3 9/23/16 196 118 0.11 1 17 9/29/16 ESE 29.98 49 HEAT BASE: 65.0 COOL BASE: 65.0