Northern Sierra Nevada's Lovers Leap at Giant Gap American River Gorge
Enter - City, State - Zipcode - or ICAO #
    Search:  World Forecast Directory
 

U.S. Color Satellite
U.S. National Satellite Loop
Full Page Animation

NE Pacific Satellite
U.S. National Satellite Loop
Full Page Animation

Local Area Radar
Northern California Nexrad Doppler Radar
Full Page Animation

Local WX Conditions
Northern Sierra Weather Conditions Map
View Conditions Map

Alta, Ca. Fire Danger
Alta, California Current Fire Danger Reading
View Details


USA Weather Finder

 

NOAA Climate Report From: Alta, Ca. Weather Station

Archives cover 8/19/03 to 3/22/09 then start again at 2:24pm on 6/13/09
2014: Jan | Feb | Mar | Apr | May | Jun | Jul | Aug | Sep | Oct | Nov | Dec 
2013: Jan | Feb | Mar | Apr | May | Jun | Jul | Aug | Sep | Oct | Nov | Dec 
2012: Jan | Feb | Mar | Apr | May | Jun | Jul | Aug | Sep | Oct | Nov | Dec 
2011: Jan | Feb | Mar | Apr | May | Jun | Jul | Aug | Sep | Oct | Nov | Dec 
2010: Jan | Feb | Mar | Apr | May | Jun | Jul | Aug | Sep | Oct | Nov | Dec 
2009: Jan | Feb | Mar | Apr | May | Jun | Jul | Aug | Sep | Oct | Nov | Dec 
2008: Jan | Feb | Mar | Apr | May | Jun | Jul | Aug | Sep | Oct | Nov | Dec 
2007: Jan | Feb | Mar | Apr | May | Jun | Jul | Aug | Sep | Oct | Nov | Dec 
2006: Jan | Feb | Mar | Apr | May | Jun | Jul | Aug | Sep | Oct | Nov | Dec 
2005: Jan | Feb | Mar | Apr | May | Jun | Jul | Aug | Sep | Oct | Nov | Dec 
2004: Jan | Feb | Mar | Apr | May | Jun | Jul | Aug | Sep | Oct | Nov | Dec 
2003: Jan | Feb | Mar | Apr | May | Jun | Jul | Aug | Sep | Oct | Nov | Dec 



Report for 2014 11 MONTHLY CLIMATOLOGICAL SUMMARY FOR 11/2014 HEAT COOL MEAN DEG DEG WIND SPEED DOM MEAN MEAN DAY TEMP HIGH TIME LOW TIME DAYS DAYS RAIN AVG HI TIME DIR BAROM HUM --------------------------------------------------------------------------------------- 1 39.5 43.3 2:41pm 33.7 6:19am 25 0 1.17 0 6 3:17am SE 29.92 96 2 3 43.1 57.8 1:16pm 32.8 6:51am 18 0 0.00 1 8 1:13pm SE 30.33 78 4 45.9 63.7 2:12pm 34.7 5:18am 19 0 0.00 0 8 2:19pm ESE 30.37 81 5 53.1 71.7 1:48pm 44.1 12:00am 13 1 0.00 0 7 1:08pm NNW 30.25 82 6 52.4 69.5 1:44pm 44.4 11:49pm 13 0 0.00 1 8 12:17pm NNW 30.27 74 7 52.0 70.3 1:07pm 42.8 6:07am 14 1 0.00 0 7 12:42pm ESE 30.24 73 8 54.1 73.6 1:24pm 44.5 6:07am 12 1 0.00 0 7 1:29pm ESE 30.17 69 9 53.9 72.6 1:07pm 45.9 7:53am 12 1 0.00 1 8 11:53am NNW 30.01 65 10 51.4 70.0 1:42pm 42.8 5:52am 14 0 0.00 1 9 1:08pm NNW 29.88 71 11 48.1 59.5 1:23pm 40.1 5:27am 17 0 0.00 1 9 12:31pm ESE 29.94 84 12 46.5 53.3 2:25pm 40.8 7:54am 18 0 0.03 1 7 9:59am ESE 30.02 91 13 47.6 49.9 1:35pm 45.0 12:00am 17 0 0.66 1 10 3:11am NW 30.06 97 14 45.2 53.7 12:59pm 37.9 11:36pm 20 0 0.00 0 10 12:09pm E 30.11 94 15 41.9 51.0 12:30pm 35.5 6:19am 23 0 0.01 1 9 1:00pm NNW 30.21 90 16 38.6 53.2 1:30pm 28.4 4:00am 26 0 0.00 0 10 12:00pm NNW 30.33 76 17 40.2 59.3 1:41pm 32.2 4:31am 25 0 0.00 0 10 1:06pm SE 30.33 81 18 43.5 58.5 1:03pm 33.2 7:10am 22 0 0.00 0 7 12:20pm NNW 30.26 69 19 44.5 51.8 10:41am 40.3 4:45am 18 0 0.13 1 12 10:58am NW 30.16 77 20 42.4 46.3 10:38am 39.4 5:07am 23 0 0.38 0 6 12:22pm SE 30.12 96 21 41.6 50.3 1:55pm 33.7 5:56am 23 0 0.01 0 6 1:34pm SE 30.16 94 --------------------------------------------------------------------------------------- TOT 46.1 73.6 11/8/14 28.4 11/16/14 371 4 2.40 0 12 11/19/14 ESE 30.16 82 HEAT BASE: 65.0 COOL BASE: 65.0