Northern Sierra Nevada's Lovers Leap at Giant Gap American River Gorge
Enter - City, State - Zipcode - or ICAO #
    Search:  World Forecast Directory
 

U.S. Color Satellite
U.S. National Satellite Loop
Full Page Animation

NE Pacific Satellite
U.S. National Satellite Loop
Full Page Animation

Local Area Radar
Northern California Nexrad Doppler Radar
Full Page Animation

Local WX Conditions
Northern Sierra Weather Conditions Map
View Conditions Map

Alta, Ca. Fire Danger
Alta, California Current Fire Danger Reading
View Details


USA Weather Finder

 

NOAA Climate Report From: Alta, Ca. Weather Station

Archives cover 8/19/03 to 3/22/09 then start again at 2:24pm on 6/13/09
2017: Jan | Feb | Mar | Apr | May | Jun | Jul | Aug | Sep | Oct | Nov | Dec 
2016: Jan | Feb | Mar | Apr | May | Jun | Jul | Aug | Sep | Oct | Nov | Dec 
2015: Jan | Feb | Mar | Apr | May | Jun | Jul | Aug | Sep | Oct | Nov | Dec 
 2014: Jan | Feb | Mar | Apr | May | Jun | Jul | Aug | Sep | Oct | Nov | Dec 
 2013: Jan | Feb | Mar | Apr | May | Jun | Jul | Aug | Sep | Oct | Nov | Dec 
 2012: Jan | Feb | Mar | Apr | May | Jun | Jul | Aug | Sep | Oct | Nov | Dec 
 2011: Jan | Feb | Mar | Apr | May | Jun | Jul | Aug | Sep | Oct | Nov | Dec 
2010: Jan | Feb | Mar | Apr | May | Jun | Jul | Aug | Sep | Oct | Nov | Dec 
2009: Jan | Feb | Mar | Apr | May | Jun | Jul | Aug | Sep | Oct | Nov | Dec 
2008: Jan | Feb | Mar | Apr | May | Jun | Jul | Aug | Sep | Oct | Nov | Dec 
2007: Jan | Feb | Mar | Apr | May | Jun | Jul | Aug | Sep | Oct | Nov | Dec 
2006: Jan | Feb | Mar | Apr | May | Jun | Jul | Aug | Sep | Oct | Nov | Dec 
2005: Jan | Feb | Mar | Apr | May | Jun | Jul | Aug | Sep | Oct | Nov | Dec 
2004: Jan | Feb | Mar | Apr | May | Jun | Jul | Aug | Sep | Oct | Nov | Dec 
2003: Jan | Feb | Mar | Apr | May | Jun | Jul | Aug | Sep | Oct | Nov | Dec 



Report for 2017 03 MONTHLY CLIMATOLOGICAL SUMMARY FOR 3/2017 HEAT COOL MEAN DEG DEG WIND SPEED DOM MEAN MEAN DAY TEMP HIGH TIME LOW TIME DAYS DAYS RAIN AVG HI TIME DIR BAROM HUM --------------------------------------------------------------------------------------- 1 40.4 57.6 1:16pm 29.6 6:58am 25 0 0.00 1 11 1:01pm NW 30.45 69 2 43.3 61.3 1:54pm 31.9 6:55am 22 0 0.00 0 9 12:34pm ESE 30.39 68 3 43.8 58.9 1:08pm 33.7 5:17am 21 0 0.00 0 9 1:23pm NW 30.16 65 4 41.4 48.0 11:17am 34.7 11:59pm 24 0 0.88 2 18 10:38pm ESE 29.94 81 5 30.7 34.7 12:00am 28.8 9:58pm 34 0 0.94 1 17 12:00am ESE 29.91 93 6 31.6 35.0 11:30pm 28.5 2:05am 33 0 0.24 0 16 1:30am SSE 30.34 93 7 35.8 44.1 3:16pm 29.8 4:53am 29 0 0.00 0 3 11:59am NW 30.44 91 8 44.2 59.4 3:05pm 35.4 12:27am 21 0 0.00 0 9 2:18pm ESE 30.38 85 9 48.6 63.8 12:14pm 37.9 5:07am 16 0 0.00 0 9 12:44pm NW 30.27 82 10 50.1 63.6 3:28pm 41.9 4:37am 15 0 0.00 0 5 10:21pm NW 30.21 83 11 51.2 67.0 1:07pm 40.1 4:31am 14 0 0.00 1 11 12:48pm NW 30.21 74 12 52.4 70.5 3:27pm 38.7 7:45am 13 1 0.00 1 8 3:14pm NW 30.21 68 13 53.8 73.4 3:18pm 39.6 7:29am 13 1 0.00 1 9 12:54pm NW 30.17 60 14 55.1 74.2 2:53pm 42.5 5:08am 12 2 0.00 1 13 1:31pm SE 30.14 57 15 52.2 65.7 2:07pm 43.0 6:55am 12 0 0.00 1 15 11:18am NW 30.14 73 16 52.8 66.2 2:56pm 42.6 7:48am 12 0 0.00 0 12 2:22pm ESE 30.19 71 17 53.7 70.3 2:38pm 41.9 6:15am 12 1 0.00 1 11 1:56pm ESE 30.11 67 18 50.6 56.8 10:27am 46.3 4:12am 14 0 0.07 0 7 9:27am ESE 30.08 88 19 52.6 64.2 1:08pm 44.6 3:24am 12 0 0.00 0 12 12:39pm ESE 30.09 80 20 48.7 56.9 11:33am 44.4 8:35pm 16 0 0.25 1 15 1:01pm ESE 30.01 80 21 45.3 49.1 4:26pm 38.3 11:45pm 20 0 2.02 1 18 7:20am WNW 29.96 94 22 38.3 42.9 4:37pm 33.7 8:28am 27 0 1.08 0 7 4:29am ESE 30.08 94 23 40.7 52.1 3:55pm 32.6 7:23am 24 0 0.00 0 9 4:01pm ESE 30.24 85 24 40.0 42.7 5:31am 35.2 1:52pm 25 0 0.69 1 13 7:09am WNW 30.25 94 25 44.2 52.0 2:36pm 38.6 11:58pm 21 0 0.08 0 13 3:04pm ESE 30.19 91 26 41.8 48.6 3:44pm 36.9 2:26am 24 0 0.39 1 12 12:46pm ESE 30.12 85 --------------------------------------------------------------------------------------- TOT 45.5 74.2 3/14/17 28.5 3/6/17 511 5 6.64 1 18 3/4/17 ESE 30.18 80 HEAT BASE: 65.0 COOL BASE: 65.0