Northern Sierra Nevada's Lovers Leap at Giant Gap American River Gorge
Enter - City, State - Zipcode - or ICAO #
    Search:  World Forecast Directory
 

U.S. Color Satellite
U.S. National Satellite Loop
Full Page Animation

NE Pacific Satellite
U.S. National Satellite Loop
Full Page Animation

Local Area Radar
Northern California Nexrad Doppler Radar
Full Page Animation

Local WX Conditions
Northern Sierra Weather Conditions Map
View Conditions Map

Alta, Ca. Fire Danger
Alta, California Current Fire Danger Reading
View Details


USA Weather Finder

 

NOAA Climate Report From: Alta, Ca. Weather Station

Archives cover 8/19/03 to 3/22/09 then start again at 2:24pm on 6/13/09
2016: Jan | Feb | Mar | Apr | May | Jun | Jul | Aug | Sep | Oct | Nov | Dec 
2015: Jan | Feb | Mar | Apr | May | Jun | Jul | Aug | Sep | Oct | Nov | Dec 
 2014: Jan | Feb | Mar | Apr | May | Jun | Jul | Aug | Sep | Oct | Nov | Dec 
 2013: Jan | Feb | Mar | Apr | May | Jun | Jul | Aug | Sep | Oct | Nov | Dec 
 2012: Jan | Feb | Mar | Apr | May | Jun | Jul | Aug | Sep | Oct | Nov | Dec 
 2011: Jan | Feb | Mar | Apr | May | Jun | Jul | Aug | Sep | Oct | Nov | Dec 
2010: Jan | Feb | Mar | Apr | May | Jun | Jul | Aug | Sep | Oct | Nov | Dec 
2009: Jan | Feb | Mar | Apr | May | Jun | Jul | Aug | Sep | Oct | Nov | Dec 
2008: Jan | Feb | Mar | Apr | May | Jun | Jul | Aug | Sep | Oct | Nov | Dec 
2007: Jan | Feb | Mar | Apr | May | Jun | Jul | Aug | Sep | Oct | Nov | Dec 
2006: Jan | Feb | Mar | Apr | May | Jun | Jul | Aug | Sep | Oct | Nov | Dec 
2005: Jan | Feb | Mar | Apr | May | Jun | Jul | Aug | Sep | Oct | Nov | Dec 
2004: Jan | Feb | Mar | Apr | May | Jun | Jul | Aug | Sep | Oct | Nov | Dec 
2003: Jan | Feb | Mar | Apr | May | Jun | Jul | Aug | Sep | Oct | Nov | Dec 



Report for 2016 07 MONTHLY CLIMATOLOGICAL SUMMARY FOR 7/2016 HEAT COOL MEAN DEG DEG WIND SPEED DOM MEAN MEAN DAY TEMP HIGH TIME LOW TIME DAYS DAYS RAIN AVG HI TIME DIR BAROM HUM --------------------------------------------------------------------------------------- 1 71.3 88.4 1:21pm 57.4 6:45am 2 9 0.00 1 9 12:41pm ESE 29.84 44 2 71.4 88.1 3:10pm 58.3 6:20am 2 8 0.00 1 11 11:31am ESE 29.90 45 3 69.3 86.1 2:28pm 56.2 5:26am 3 7 0.00 1 12 12:30pm ESE 29.96 44 4 67.4 84.0 3:12pm 54.2 6:58am 4 6 0.00 1 11 1:00pm ESE 29.97 46 5 66.2 83.0 2:29pm 52.6 5:51am 5 6 0.00 1 14 2:48pm ESE 29.93 52 6 65.1 80.7 3:13pm 51.6 6:42am 5 5 0.00 1 12 2:49pm ESE 29.92 53 7 64.5 80.7 2:27pm 51.0 5:57am 5 5 0.00 1 12 3:11pm ESE 29.93 57 8 65.2 80.0 3:01pm 52.1 6:04am 5 5 0.00 1 13 3:38pm ESE 29.97 57 9 62.7 75.9 1:53pm 52.4 6:41am 5 3 0.00 1 15 1:56pm ESE 30.01 66 10 59.0 71.5 3:40pm 47.5 6:51am 8 1 0.00 1 14 1:34pm ESE 30.01 58 11 60.4 78.4 2:37pm 45.6 6:25am 8 4 0.00 1 11 2:42pm ESE 29.96 49 12 63.7 81.0 3:08pm 48.7 6:40am 6 5 0.00 1 11 12:09pm ESE 29.95 49 13 67.6 86.4 3:22pm 50.4 7:06am 5 7 0.00 1 10 11:46am ESE 29.99 44 14 70.3 89.5 3:19pm 54.6 6:20am 3 9 0.00 1 11 3:32pm ESE 29.98 44 15 71.1 89.6 3:26pm 57.3 5:51am 2 9 0.00 1 10 1:17pm ESE 29.90 42 16 69.4 85.0 2:19pm 55.4 6:54am 3 7 0.00 1 14 3:44pm ESE 29.84 44 17 66.2 82.3 2:30pm 52.7 6:52am 4 6 0.00 1 14 12:24pm ESE 29.87 47 18 63.5 77.6 3:45pm 51.6 6:29am 5 4 0.00 1 11 11:33am ESE 29.99 47 19 62.9 79.6 2:49pm 48.6 6:07am 6 4 0.00 1 12 3:42pm ESE 30.05 52 20 65.6 82.9 2:19pm 50.9 6:32am 5 6 0.00 1 14 3:06pm ESE 30.04 50 21 66.7 84.1 2:30pm 53.1 6:03am 5 6 0.00 1 12 3:01pm ESE 30.05 49 22 67.4 87.0 2:17pm 51.5 7:04am 5 7 0.00 1 11 2:30pm ESE 30.09 43 23 69.8 90.2 2:44pm 52.3 6:04am 4 9 0.00 1 10 1:43pm ESE 29.96 34 24 71.8 91.0 2:13pm 56.0 6:16am 2 9 0.00 1 11 11:50am ESE 29.88 42 25 71.9 90.6 3:28pm 57.2 6:52am 2 9 0.00 1 11 11:51am ESE 29.93 42 26 73.5 93.6 3:17pm 58.6 5:55am 2 10 0.00 1 11 1:13pm ESE 29.91 41 27 65.7 90.5 11:59am 60.3 6:41am 1 2 0.00 0 7 11:18am ESE 29.91 46 --------------------------------------------------------------------------------------- TOT 67.0 93.6 7/26/16 45.6 7/11/16 113 167 0.00 1 15 7/9/16 ESE 29.95 48 HEAT BASE: 65.0 COOL BASE: 65.0