Northern Sierra Nevada's Lovers Leap at Giant Gap American River Gorge
Enter - City, State - Zipcode - or ICAO #
    Search:  World Forecast Directory
 

U.S. Color Satellite
U.S. National Satellite Loop
Full Page Animation

NE Pacific Satellite
U.S. National Satellite Loop
Full Page Animation

Local Area Radar
Northern California Nexrad Doppler Radar
Full Page Animation

Local WX Conditions
Northern Sierra Weather Conditions Map
View Conditions Map

Alta, Ca. Fire Danger
Alta, California Current Fire Danger Reading
View Details


USA Weather Finder

 

NOAA Climate Report From: Alta, Ca. Weather Station

Archives cover 8/19/03 to 3/22/09 then start again at 2:24pm on 6/13/09
2017: Jan | Feb | Mar | Apr | May | Jun | Jul | Aug | Sep | Oct | Nov | Dec 
2016: Jan | Feb | Mar | Apr | May | Jun | Jul | Aug | Sep | Oct | Nov | Dec 
2015: Jan | Feb | Mar | Apr | May | Jun | Jul | Aug | Sep | Oct | Nov | Dec 
 2014: Jan | Feb | Mar | Apr | May | Jun | Jul | Aug | Sep | Oct | Nov | Dec 
 2013: Jan | Feb | Mar | Apr | May | Jun | Jul | Aug | Sep | Oct | Nov | Dec 
 2012: Jan | Feb | Mar | Apr | May | Jun | Jul | Aug | Sep | Oct | Nov | Dec 
 2011: Jan | Feb | Mar | Apr | May | Jun | Jul | Aug | Sep | Oct | Nov | Dec 
2010: Jan | Feb | Mar | Apr | May | Jun | Jul | Aug | Sep | Oct | Nov | Dec 
2009: Jan | Feb | Mar | Apr | May | Jun | Jul | Aug | Sep | Oct | Nov | Dec 
2008: Jan | Feb | Mar | Apr | May | Jun | Jul | Aug | Sep | Oct | Nov | Dec 
2007: Jan | Feb | Mar | Apr | May | Jun | Jul | Aug | Sep | Oct | Nov | Dec 
2006: Jan | Feb | Mar | Apr | May | Jun | Jul | Aug | Sep | Oct | Nov | Dec 
2005: Jan | Feb | Mar | Apr | May | Jun | Jul | Aug | Sep | Oct | Nov | Dec 
2004: Jan | Feb | Mar | Apr | May | Jun | Jul | Aug | Sep | Oct | Nov | Dec 
2003: Jan | Feb | Mar | Apr | May | Jun | Jul | Aug | Sep | Oct | Nov | Dec 



Report for 2017 02 MONTHLY CLIMATOLOGICAL SUMMARY FOR 2/2017 HEAT COOL MEAN DEG DEG WIND SPEED DOM MEAN MEAN DAY TEMP HIGH TIME LOW TIME DAYS DAYS RAIN AVG HI TIME DIR BAROM HUM --------------------------------------------------------------------------------------- 1 39.9 50.2 12:43pm 33.8 7:15am 25 0 0.00 0 9 8:05pm NW 30.11 77 2 41.3 45.9 3:17pm 36.9 6:39am 24 0 0.70 0 12 3:13am NW 30.08 93 3 43.5 45.3 5:10am 41.6 2:06am 22 0 1.87 2 24 5:45pm ESE 29.98 96 4 42.9 44.5 1:27pm 41.0 11:50pm 22 0 0.37 1 14 7:22am SE 30.14 96 5 41.6 48.7 12:35pm 37.3 7:02am 23 0 0.53 1 22 6:40pm SE 29.95 92 6 42.6 44.7 12:51pm 38.6 11:56pm 22 0 1.96 2 17 7:19am SE 29.88 96 7 47.3 49.7 12:31pm 38.6 12:00am 18 0 2.84 2 25 5:12am ESE 29.94 97 8 51.2 53.0 8:18pm 48.0 12:18am 14 0 2.82 1 18 10:15am SE 30.11 98 9 48.9 52.1 12:00am 46.2 1:57pm 16 0 2.82 1 21 12:49pm SE 29.97 97 10 44.3 48.0 3:01pm 40.2 11:16pm 21 0 1.11 0 10 12:21am NW 30.03 95 11 41.4 53.2 2:31pm 33.7 6:06am 24 0 0.01 0 12 4:58pm WNW 30.23 82 12 44.0 63.0 1:00pm 33.3 3:39am 21 0 0.00 0 7 11:58am SE 30.28 65 13 40.5 55.5 12:30pm 35.4 5:56am 13 0 0.00 0 9 1:00pm NW 30.22 65 14 48.3 62.7 1:18pm 34.7 6:47am 13 0 0.00 1 9 12:52pm ESE 30.21 68 15 47.1 55.9 4:24pm 39.1 6:57am 18 0 0.00 0 8 10:57pm NW 30.16 75 16 46.5 55.1 2:57am 41.5 7:07am 19 0 0.61 2 20 2:34am SE 29.91 82 17 42.2 43.8 1:21am 39.2 9:35am 23 0 1.01 1 14 2:21pm WNW 29.47 96 18 42.1 44.4 12:39pm 39.2 11:48pm 23 0 0.50 1 14 10:48am SE 29.59 96 19 39.5 44.0 11:44pm 34.5 5:09am 27 0 0.33 1 12 1:18pm WNW 29.90 94 20 43.9 46.0 4:52am 41.9 1:40pm 21 0 4.99 2 27 10:43pm ESE 29.98 96 21 38.8 43.8 12:39am 34.3 4:35pm 26 0 2.19 2 20 12:00am ESE 30.19 96 22 35.0 40.1 3:12pm 31.1 6:36pm 31 0 0.14 1 13 1:45pm ESE 30.23 89 23 30.5 35.8 12:51pm 26.2 11:57pm 35 0 0.09 0 12 12:48pm ESE 30.23 90 24 29.1 39.4 1:10pm 23.0 6:17am 24 0 0.00 1 9 12:17pm ESE 30.33 80 --------------------------------------------------------------------------------------- TOT 42.3 63.0 2/12/17 23.0 2/24/17 521 0 24.89 1 27 2/20/17 ESE 30.04 89 HEAT BASE: 65.0 COOL BASE: 65.0